{"id":7052,"date":"2026-03-15T16:42:32","date_gmt":"2026-03-15T19:42:32","guid":{"rendered":"https:\/\/sorvetequente.com.br\/loja\/?post_type=product&#038;p=7052"},"modified":"2026-03-15T16:42:33","modified_gmt":"2026-03-15T19:42:33","slug":"vibrador-de-ponto-g-com-dedilhar-slap-manna","status":"publish","type":"product","link":"https:\/\/sorvetequente.com.br\/loja\/product\/vibrador-de-ponto-g-com-dedilhar-slap-manna\/","title":{"rendered":"Vibrador de Ponto G com Dedilhar \/ Slap &#8211; Manna"},"content":{"rendered":"<p style=\"font-weight: 400\">Vibrador de Ponto G com Dedilhar Slap &#8211; Manna &#8211; SI<\/p>\n<p style=\"font-weight: 400\">Vibrador de ponto G,\u00a07\u00a0 modos de tapping, o produto \u00e9 macio ao toque ergon\u00f4mico,<\/p>\n<p style=\"font-weight: 400\">o que facilita o manuseio e a estimula\u00e7\u00e3o, trazendo uma sensa\u00e7\u00e3o prazerosa do uso.<\/p>\n<p style=\"font-weight: 400\">Produto resistente \u00e0 \u00e1gua.<\/p>\n<p style=\"font-weight: 400\">Modo de uso: Para ligar\/desligar aperte o bot\u00e3o &#8220;Power&#8221;.<\/p>\n<p style=\"font-weight: 400\">Material:<\/p>\n<p style=\"font-weight: 400\">Silicone.<\/p>\n<p style=\"font-weight: 400\">Tipo de bateria:<\/p>\n<p style=\"font-weight: 400\">Recarreg\u00e1vel via USB<\/p>\n<p style=\"font-weight: 400\">Medidas:\u00a019,1 cm de comprimento Total, 3,3 cm de di\u00e2metro (medidas aproximadas).<\/p>\n<p style=\"font-weight: 400\">Higieniza\u00e7\u00e3o: Lavar com \u00e1gua e sab\u00e3o neutro antes e ap\u00f3s o uso, evite molhar o compartimento de recarga.<\/p>\n<p style=\"font-weight: 400\">Seque com papel toalha ou deixe secar naturalmente.<\/p>\n<p style=\"font-weight: 400\">Ap\u00f3s higieniz\u00e1-lo, coloque novamente em sua embalagem de origem.<\/p>\n<p style=\"font-weight: 400\">N\u00e3o compartilhar e n\u00e3o expor a temperatura superior a 50\u00b0C.<\/p>\n","protected":false},"excerpt":{"rendered":"<h1><span style=\"color: #ff00ff\">NO PIX R$98,75<\/span><\/h1>\n","protected":false},"featured_media":7054,"comment_status":"closed","ping_status":"closed","template":"","meta":[],"product_cat":[19,76],"product_tag":[],"class_list":{"0":"post-7052","1":"product","2":"type-product","3":"status-publish","4":"has-post-thumbnail","6":"product_cat-novidades","7":"product_cat-vibradores","9":"first","10":"instock","11":"sale","12":"shipping-taxable","13":"purchasable","14":"product-type-simple"},"group_of_quantity":0,"min_quantity":0,"max_quantity":"","exclude_order_quantity_value_rules":"no","exclude_category_quantity_rules":"no","combine_variations":"no","_links":{"self":[{"href":"https:\/\/sorvetequente.com.br\/loja\/wp-json\/wp\/v2\/product\/7052","targetHints":{"allow":["GET"]}}],"collection":[{"href":"https:\/\/sorvetequente.com.br\/loja\/wp-json\/wp\/v2\/product"}],"about":[{"href":"https:\/\/sorvetequente.com.br\/loja\/wp-json\/wp\/v2\/types\/product"}],"replies":[{"embeddable":true,"href":"https:\/\/sorvetequente.com.br\/loja\/wp-json\/wp\/v2\/comments?post=7052"}],"wp:featuredmedia":[{"embeddable":true,"href":"https:\/\/sorvetequente.com.br\/loja\/wp-json\/wp\/v2\/media\/7054"}],"wp:attachment":[{"href":"https:\/\/sorvetequente.com.br\/loja\/wp-json\/wp\/v2\/media?parent=7052"}],"wp:term":[{"taxonomy":"product_cat","embeddable":true,"href":"https:\/\/sorvetequente.com.br\/loja\/wp-json\/wp\/v2\/product_cat?post=7052"},{"taxonomy":"product_tag","embeddable":true,"href":"https:\/\/sorvetequente.com.br\/loja\/wp-json\/wp\/v2\/product_tag?post=7052"}],"curies":[{"name":"wp","href":"https:\/\/api.w.org\/{rel}","templated":true}]}}