{"id":6829,"date":"2026-02-28T14:44:32","date_gmt":"2026-02-28T17:44:32","guid":{"rendered":"https:\/\/sorvetequente.com.br\/loja\/?post_type=product&#038;p=6829"},"modified":"2026-02-28T14:44:33","modified_gmt":"2026-02-28T17:44:33","slug":"love-lub-lapilove-lubrificante-corporal-beijavel-60g-la-pimienta","status":"publish","type":"product","link":"https:\/\/sorvetequente.com.br\/loja\/product\/love-lub-lapilove-lubrificante-corporal-beijavel-60g-la-pimienta\/","title":{"rendered":"Love Lub LapiLove Lubrificante Corporal Beij\u00e1vel 60g La Pimienta"},"content":{"rendered":"<div class=\"flex items-center gap-2 mb-4 undefined\">\n<h2 class=\"text-2xl font-black text-[26px] text-red-wine\">DESCRI\u00c7\u00c3O<\/h2>\n<\/div>\n<div class=\"text-black [&amp;_a]:text-pink\">\n<p>O\u00a0<strong>Love Lub LapiLove Lubrificante<\/strong>\u00a0da<strong>\u00a0La Pimenta<\/strong> tem o poder de deixar suas rela\u00e7\u00f5es mais gostosas em cada est\u00edmulo.<\/p>\n<p>Desfrute de todas as possibilidades que este produto maravilhoso tem, seja no sexo oral ou anal voc\u00ea ter\u00e1 alta lubrifica\u00e7\u00e3o \u00e1 base de \u00e1gua, efeito deslizante para seu anal ser perfeito, utilize com seus sex toys ou em suas car\u00edcias durante a masturba\u00e7\u00e3o.<\/p>\n<p>Para todos os seus momentos \u00edntimos ele \u00e9 maravilhoso, sendo beij\u00e1vel permite que a brincadeira v\u00e1 para outro patamar trazendo uma nova experi\u00eancia excepcional.<\/p>\n<h3><strong>Como posso usar o Love Lub LapiLove?<\/strong><\/h3>\n<p>\u00c9 um produto vers\u00e1til que possibilita ser utilizado em diversas ocasi\u00f5es e momentos, com ele a brincadeira n\u00e3o tem limite:<\/p>\n<p><strong>PARA PENETRA\u00c7\u00c3O<\/strong>: Aplique na regi\u00e3o \u00edntima e massageie suavemente, lembrando que quanto maior a quantidade, mais potente ser\u00e1 a lubrifica\u00e7\u00e3o.<\/p>\n<p><strong>PARA MASTURBA\u00c7\u00c3O<\/strong>: Aplique nas m\u00e3os uma pequena quantidade e massageie o clit\u00f3ris ou a extens\u00e3o do p\u00eanis e per\u00edneo, lembrando que quanto maior a quantidade, maior ser\u00e1 a lubrifica\u00e7\u00e3o.<\/p>\n<p><strong>PARA USO COM SEXTOYS<\/strong>: Aplique o produto por toda a extens\u00e3o da regi\u00e3o \u00edntima ou diretamente no acess\u00f3rio. Aumente a quantidade quando desejar intensificar a sensa\u00e7\u00e3o de lubrifica\u00e7\u00e3o.<\/p>\n<p><strong>PARA CAR\u00cdCIAS COM A BOCA<\/strong>: Use os l\u00e1bios e a l\u00edngua para intensificar os est\u00edmulos e beije a regi\u00e3o desejada, tornando a experi\u00eancia ainda mais gostosa.<\/p>\n<h3><strong>Quais os benef\u00edcios do Lubrificante LapiLove?<\/strong><\/h3>\n<ul>\n<li>\u2022 Alto poder de Lubrifica\u00e7\u00e3o;<\/li>\n<li>\u2022 Massagens picantes;<\/li>\n<li>\u2022 Beij\u00e1vel;<\/li>\n<li>\u2022 Sexo intenso;<\/li>\n<li>\u2022 Conforto durante a rela\u00e7\u00e3o;<\/li>\n<\/ul>\n<h3><strong>Ficha T\u00e9cnica<\/strong><\/h3>\n<ul>\n<li>\u2022 Cont\u00e9m: 01 gel 60 ml<\/li>\n<li>\u2022 Embalagem: Embalagem pl\u00e1stica;<\/li>\n<li>\u2022 Validade: Presente na embalagem;<\/li>\n<li>\u2022 Fun\u00e7\u00e3o: Lubrifica\u00e7\u00e3o.<\/li>\n<\/ul>\n<h3><strong>Qual a Composi\u00e7\u00e3o do Lubrificante da La Pimenta<\/strong><\/h3>\n<p>O lubrificante da La Pimenta \u00e9 composto por: Aqua, Glycerin, Alcohol,Aroma, Hidroxyethylcellulose, , Hydroxyacetophenone, Disodium EDTA, CI 16255 (Corante vermelho), Sucralose (Sucralose), Sodium Saccharin, BHT (Butil-hidroxitolueno).<\/p>\n<h3><strong>Como usar o Gel Beij\u00e1vel?<\/strong><\/h3>\n<p>O gel pode ser aplicado por todo o corpo e tamb\u00e9m nas partes \u00edntimas. Aplique a quantidade desejada no local, massageie delicadamente e espalhe at\u00e9 obter completa absor\u00e7\u00e3o. Agora \u00e9 s\u00f3 aproveitar e cair de boca nos melhores sabores da vida.<\/p>\n<h3><strong>Quais cuidados e precau\u00e7\u00f5es preciso ter ao usar o lubrificante?<\/strong><\/h3>\n<ul>\n<li>\u2022 N\u00e3o expor a temperatura superior a 50\u00baC.<\/li>\n<li>\u2022 Evita les\u00f5es ou um agravamento de patologias existentes, n\u00e3o utilize o produto em zonas inflamadas, inchadas ou em pele com lacera\u00e7\u00f5es;<\/li>\n<li>\u2022 N\u00e3o compartilhe com nenhum outro parceiro;<\/li>\n<li>\u2022 Mantenha fora do alcance de crian\u00e7as;<\/li>\n<li>\u2022 Produto para maiores de 18 anos;<\/li>\n<li>\u2022 Proteja os olhos durante a aplica\u00e7\u00e3o, em caso de contato, enx\u00e1gue com \u00e1gua em abund\u00e2ncia;<\/li>\n<li>\u2022 Em caso de irrita\u00e7\u00e3o, suspenda o uso, e procure orienta\u00e7\u00e3o m\u00e9dica;<\/li>\n<li>\u2022 N\u00e3o fa\u00e7a a inala\u00e7\u00e3o deste produto.<\/li>\n<\/ul>\n<\/div>\n","protected":false},"excerpt":{"rendered":"<h1><span style=\"color: #ff00ff\">NO PIX R$6,34<\/span><\/h1>\n","protected":false},"featured_media":6835,"comment_status":"closed","ping_status":"closed","template":"","meta":[],"product_cat":[37,75,134,153],"product_tag":[],"class_list":{"0":"post-6829","1":"product","2":"type-product","3":"status-publish","4":"has-post-thumbnail","6":"product_cat-cosmeticos-e-comestiveis","7":"product_cat-lubrificantes","8":"product_cat-sexo-anal","9":"product_cat-sexo-oral","10":"pa_sabor-melancia","11":"pa_sabor-menta","12":"pa_sabor-morango","13":"pa_sabor-tutti-frutti","14":"pa_sabor-uva","16":"first","17":"instock","18":"sale","19":"shipping-taxable","20":"purchasable","21":"product-type-variable"},"group_of_quantity":0,"min_quantity":0,"max_quantity":"","exclude_order_quantity_value_rules":"no","exclude_category_quantity_rules":"no","combine_variations":"no","_links":{"self":[{"href":"https:\/\/sorvetequente.com.br\/loja\/wp-json\/wp\/v2\/product\/6829","targetHints":{"allow":["GET"]}}],"collection":[{"href":"https:\/\/sorvetequente.com.br\/loja\/wp-json\/wp\/v2\/product"}],"about":[{"href":"https:\/\/sorvetequente.com.br\/loja\/wp-json\/wp\/v2\/types\/product"}],"replies":[{"embeddable":true,"href":"https:\/\/sorvetequente.com.br\/loja\/wp-json\/wp\/v2\/comments?post=6829"}],"wp:featuredmedia":[{"embeddable":true,"href":"https:\/\/sorvetequente.com.br\/loja\/wp-json\/wp\/v2\/media\/6835"}],"wp:attachment":[{"href":"https:\/\/sorvetequente.com.br\/loja\/wp-json\/wp\/v2\/media?parent=6829"}],"wp:term":[{"taxonomy":"product_cat","embeddable":true,"href":"https:\/\/sorvetequente.com.br\/loja\/wp-json\/wp\/v2\/product_cat?post=6829"},{"taxonomy":"product_tag","embeddable":true,"href":"https:\/\/sorvetequente.com.br\/loja\/wp-json\/wp\/v2\/product_tag?post=6829"}],"curies":[{"name":"wp","href":"https:\/\/api.w.org\/{rel}","templated":true}]}}