{"id":6549,"date":"2025-10-20T13:49:42","date_gmt":"2025-10-20T16:49:42","guid":{"rendered":"https:\/\/sorvetequente.com.br\/loja\/?post_type=product&#038;p=6549"},"modified":"2026-01-14T17:56:30","modified_gmt":"2026-01-14T20:56:30","slug":"lacradinha-gel-adstringente-feminino-15g-sexy-fantasy","status":"publish","type":"product","link":"https:\/\/sorvetequente.com.br\/loja\/product\/lacradinha-gel-adstringente-feminino-15g-sexy-fantasy\/","title":{"rendered":"Lacradinha Gel Adstringente Feminino 15g Sexy Fantasy"},"content":{"rendered":"<div class=\"flex items-center gap-2 mb-4 undefined\">\n<h2 class=\"text-2xl font-black text-[26px] text-red-wine\">DESCRI\u00c7\u00c3O<\/h2>\n<\/div>\n<div class=\"text-black [&amp;_a]:text-pink\">\n<p>Apertadinha novamente\u2026<\/p>\n<p>Com o\u00a0<strong>Lacradinha<\/strong>, voc\u00ea pode fazer aquela surpresa para seu parceiro, te fazendo voltar no tempo como se fosse a sua \u201c<strong>primeira vez<\/strong>\u201d, ela traz de volta aquela sensa\u00e7\u00e3o de estar\u00a0<strong>apertadinha\u00a0<\/strong>de novo na hora da penetra\u00e7\u00e3o, surpreendendo voc\u00ea e seu parceiro , deixando sua noite ainda mais especial e com\u00a0<strong>prazeres\u00a0<\/strong>ainda mais\u00a0<strong>intensos<\/strong>.<\/p>\n<h3><strong>Para que serve a Lacradinha?<\/strong><\/h3>\n<p>Ideal para\u00a0<strong>apimentar\u00a0<\/strong>a rela\u00e7\u00e3o e trazer de volta a sensa\u00e7\u00e3o de \u201cromper o lacre\u201d o\u00a0<strong>Lacradinha<\/strong>, permite experi\u00eancias\u00a0<strong>incr\u00edveis\u00a0<\/strong>e noites mais\u00a0<strong>intensas<\/strong>, quebrando a rotina de seu relacionamento e trazendo sensa\u00e7\u00f5es\u00a0<strong>deliciosas<\/strong>.<br \/>\nEle traz a sensa\u00e7\u00e3o de\u00a0<strong>estreitamento\u00a0<\/strong>do canal vaginal, isso faz com quem que na hora da penetra\u00e7\u00e3o, o casal precise ser um pouco mais cauteloso, para que os dois possam curtir o momento tendo prazer juntos.<\/p>\n<h3><strong>Quais os benef\u00edcios que o Gel Adstringente oferece?<\/strong><\/h3>\n<ul>\n<li>\u2022 Aumenta o prazer;<\/li>\n<li>\u2022 Estreitamento do canal vaginal;<\/li>\n<li>\u2022 Sensa\u00e7\u00e3o de apertadinho;<\/li>\n<li>\u2022 Noites quentes.<\/li>\n<\/ul>\n<h3><strong>Ficha T\u00e9cnica<\/strong><\/h3>\n<ul>\n<li>\u2022\u00a0<strong>Cont\u00e9m:\u00a0<\/strong>01 Gel Adstringente 15g<\/li>\n<li>\u2022\u00a0<strong>Embalagem:<\/strong>\u00a0Caixa<\/li>\n<li>\u2022\u00a0<strong>Validade:\u00a0<\/strong>Presente na embalagem.<\/li>\n<\/ul>\n<h3><strong>Qual a composi\u00e7\u00e3o da Lacradinha?<\/strong><\/h3>\n<p>A Lacradinha da Sexy Fantasy \u00e9 composta por \u00c1gua, Polawax, Vaselina L\u00edquida, Propilenoglicol, Alumen de Potassio, Extrato de Hamamellis, Aroma Ice Menta, Propilparabeno, Metilparabeno.<\/p>\n<h3><strong>Como usar a Lacradinha da Sexy Fantasy?<\/strong><\/h3>\n<p>Coloque uma pequena quantidade sobre os dedos, aplique sob o local massageando suavemente, e aproveite cada sensa\u00e7\u00e3o deliciosa que ele ir\u00e1 provocar.<\/p>\n<\/div>\n","protected":false},"excerpt":{"rendered":"<h1><span style=\"color: #ff00ff\">NO PIX R$8,99<\/span><\/h1>\n","protected":false},"featured_media":6552,"comment_status":"open","ping_status":"closed","template":"","meta":[],"product_cat":[37,16],"product_tag":[],"class_list":{"0":"post-6549","1":"product","2":"type-product","3":"status-publish","4":"has-post-thumbnail","6":"product_cat-cosmeticos-e-comestiveis","7":"product_cat-para-ela","9":"first","10":"instock","11":"sale","12":"shipping-taxable","13":"purchasable","14":"product-type-simple"},"group_of_quantity":0,"min_quantity":0,"max_quantity":"","exclude_order_quantity_value_rules":"no","exclude_category_quantity_rules":"no","combine_variations":"no","_links":{"self":[{"href":"https:\/\/sorvetequente.com.br\/loja\/wp-json\/wp\/v2\/product\/6549","targetHints":{"allow":["GET"]}}],"collection":[{"href":"https:\/\/sorvetequente.com.br\/loja\/wp-json\/wp\/v2\/product"}],"about":[{"href":"https:\/\/sorvetequente.com.br\/loja\/wp-json\/wp\/v2\/types\/product"}],"replies":[{"embeddable":true,"href":"https:\/\/sorvetequente.com.br\/loja\/wp-json\/wp\/v2\/comments?post=6549"}],"wp:featuredmedia":[{"embeddable":true,"href":"https:\/\/sorvetequente.com.br\/loja\/wp-json\/wp\/v2\/media\/6552"}],"wp:attachment":[{"href":"https:\/\/sorvetequente.com.br\/loja\/wp-json\/wp\/v2\/media?parent=6549"}],"wp:term":[{"taxonomy":"product_cat","embeddable":true,"href":"https:\/\/sorvetequente.com.br\/loja\/wp-json\/wp\/v2\/product_cat?post=6549"},{"taxonomy":"product_tag","embeddable":true,"href":"https:\/\/sorvetequente.com.br\/loja\/wp-json\/wp\/v2\/product_tag?post=6549"}],"curies":[{"name":"wp","href":"https:\/\/api.w.org\/{rel}","templated":true}]}}