{"id":6527,"date":"2025-10-19T14:03:01","date_gmt":"2025-10-19T17:03:01","guid":{"rendered":"https:\/\/sorvetequente.com.br\/loja\/?post_type=product&#038;p=6527"},"modified":"2026-03-27T18:36:20","modified_gmt":"2026-03-27T21:36:20","slug":"papermint-laminas-refrescantes-para-sexo-oral-20-unidades","status":"publish","type":"product","link":"https:\/\/sorvetequente.com.br\/loja\/product\/papermint-laminas-refrescantes-para-sexo-oral-20-unidades\/","title":{"rendered":"Papermint L\u00e2minas Refrescantes Para Sexo Oral 20 Unidades"},"content":{"rendered":"<div class=\"flex items-center gap-2 mb-4 undefined\">\n<h2 class=\"text-2xl font-black text-[26px] text-red-wine\">DESCRI\u00c7\u00c3O<\/h2>\n<\/div>\n<div class=\"text-black [&amp;_a]:text-pink\">\n<p>Transforme seus momentos \u00edntimos com as L\u00e2minas Refrescantes Comest\u00edveis\u00a0<strong>Papermint<\/strong> Zero A\u00e7\u00facar da Danilla Foods!<\/p>\n<p>Dispon\u00edveis nos sabores irresist\u00edveis Extra Forte, Hortel\u00e3, Morango e Menta, essas l\u00e2minas oferecem um toque refrescante perfeito para apimentar seu sexo oral. Al\u00e9m disso, elas garantem um h\u00e1lito super fresco e agrad\u00e1vel, tornando seus beijos ainda mais inesquec\u00edveis.<\/p>\n<h2><strong>Por que escolher Papermint?<\/strong><\/h2>\n<p><strong>Ideal para Sexo Oral:<\/strong> Surpreenda e deleite seu parceiro(a) com uma explos\u00e3o de sabor refrescante que ele(a) nunca esquecer\u00e1.<\/p>\n<p><strong>Zero A\u00e7\u00facar:\u00a0<\/strong>Aproveite o prazer sem culpa, com l\u00e2minas livres de a\u00e7\u00facar, cuidando do seu<strong>\u00a0<\/strong>bem-estar.<\/p>\n<p><strong>Conveniente e Discreto:\u00a0<\/strong>Embalagem pr\u00e1tica para levar a qualquer lugar e usar quando desejar.<\/p>\n<h3><strong>Como Usar as Laminas Refrescantes Comest\u00edveis Papermint Zero A\u00e7\u00facar?<\/strong><\/h3>\n<p>Para garantir uma experi\u00eancia refrescante e prazerosa, siga estas etapas simples:<\/p>\n<h3><strong>Antes do Momento Especial:<\/strong><\/h3>\n<ul>\n<li style=\"list-style-type: none\">\n<ul>\n<li>Coloque a l\u00e2mina sobre a l\u00edngua.<\/li>\n<li>Deixe-a dissolver completamente na boca. Isso garante um h\u00e1lito fresco e agrad\u00e1vel, preparando voc\u00ea para um momento \u00edntimo especial.<\/li>\n<\/ul>\n<\/li>\n<\/ul>\n<h3><strong>Durante o Sexo Oral:<\/strong><\/h3>\n<ul>\n<li>Com o sabor e a sensa\u00e7\u00e3o refrescante na boca, comece o sexo oral.<\/li>\n<li>O frescor da l\u00e2mina vai intensificar a sensa\u00e7\u00e3o para o seu parceiro(a), proporcionando uma experi\u00eancia \u00fanica e prazerosa.<\/li>\n<li>Continue a beijar e explorar, permitindo que o sabor adicione uma camada extra de prazer na transa.<\/li>\n<\/ul>\n<\/div>\n","protected":false},"excerpt":{"rendered":"<h1><span style=\"color: #ff00ff\">NO PIX R$2,21<\/span><\/h1>\n","protected":false},"featured_media":6532,"comment_status":"open","ping_status":"closed","template":"","meta":[],"product_cat":[37],"product_tag":[],"class_list":{"0":"post-6527","1":"product","2":"type-product","3":"status-publish","4":"has-post-thumbnail","6":"product_cat-cosmeticos-e-comestiveis","7":"pa_sabor-extra-forte","8":"pa_sabor-hortela","9":"pa_sabor-menta","10":"pa_sabor-morango","12":"first","13":"instock","14":"sale","15":"shipping-taxable","16":"purchasable","17":"product-type-variable"},"group_of_quantity":0,"min_quantity":0,"max_quantity":"","exclude_order_quantity_value_rules":"no","exclude_category_quantity_rules":"no","combine_variations":"no","_links":{"self":[{"href":"https:\/\/sorvetequente.com.br\/loja\/wp-json\/wp\/v2\/product\/6527","targetHints":{"allow":["GET"]}}],"collection":[{"href":"https:\/\/sorvetequente.com.br\/loja\/wp-json\/wp\/v2\/product"}],"about":[{"href":"https:\/\/sorvetequente.com.br\/loja\/wp-json\/wp\/v2\/types\/product"}],"replies":[{"embeddable":true,"href":"https:\/\/sorvetequente.com.br\/loja\/wp-json\/wp\/v2\/comments?post=6527"}],"wp:featuredmedia":[{"embeddable":true,"href":"https:\/\/sorvetequente.com.br\/loja\/wp-json\/wp\/v2\/media\/6532"}],"wp:attachment":[{"href":"https:\/\/sorvetequente.com.br\/loja\/wp-json\/wp\/v2\/media?parent=6527"}],"wp:term":[{"taxonomy":"product_cat","embeddable":true,"href":"https:\/\/sorvetequente.com.br\/loja\/wp-json\/wp\/v2\/product_cat?post=6527"},{"taxonomy":"product_tag","embeddable":true,"href":"https:\/\/sorvetequente.com.br\/loja\/wp-json\/wp\/v2\/product_tag?post=6527"}],"curies":[{"name":"wp","href":"https:\/\/api.w.org\/{rel}","templated":true}]}}