{"id":6422,"date":"2025-10-04T17:30:14","date_gmt":"2025-10-04T20:30:14","guid":{"rendered":"https:\/\/sorvetequente.com.br\/loja\/?post_type=product&#038;p=6422"},"modified":"2026-04-03T16:22:20","modified_gmt":"2026-04-03T19:22:20","slug":"gel-para-massagem-corporal-essa-fadinha-15g-la-pimienta","status":"publish","type":"product","link":"https:\/\/sorvetequente.com.br\/loja\/product\/gel-para-massagem-corporal-essa-fadinha-15g-la-pimienta\/","title":{"rendered":"Gel para Massagem Corporal Essa Fadinha 15g La Pimienta"},"content":{"rendered":"<div class=\"flex items-center gap-2 mb-4 undefined\">\n<h2 class=\"text-2xl font-black text-[26px] text-red-wine\">DESCRI\u00c7\u00c3O<\/h2>\n<\/div>\n<div class=\"text-black [&amp;_a]:text-pink\">\n<p>Pra voc\u00ea que \u00e9 safadinha e deseja uma massagem quente que fa\u00e7a at\u00e9 as asas tremerem, o Essa Fadinha chegou pra transformar a hora H em um conto de fadas nada inocente. Ele esquenta, desliza e deixa o toque t\u00e3o gostoso que vai ter gente pedindo \u201cmais p\u00f3 m\u00e1gico, por favor!\u201d.<\/p>\n<p>Com textura leve e efeito de calor, esse gel espalha f\u00e1cil pela pele e faz qualquer carinho virar feiti\u00e7o. \u00c9 o tipo de magia que n\u00e3o precisa de varinha\u2026 mas se quiser usar uma, a gente n\u00e3o julga.<\/p>\n<h3><strong>Por que essa fadinha vai te encantar (e te deixar safadinha):<\/strong><\/h3>\n<ul>\n<li>\u2022 Esquenta e desliza gostoso pelo corpo;<br \/>\n\u2022 Embalagem perfeita pra levar na bolsa e espalhar safadeza onde a magia acontecer;<br \/>\n\u2022 Deixa a massagem t\u00e3o boa que at\u00e9 a Sininho ficaria vermelha.<\/li>\n<\/ul>\n<h3><strong>Ficha T\u00e9cnica:<\/strong><\/h3>\n<ul>\n<li>\u2022 Cont\u00e9m: 01 Gel para Massagem Corporal Essa Fadinha 15g Pau Brasil;<br \/>\n\u2022 Fun\u00e7\u00e3o: Gel para massagem sensual;<br \/>\n\u2022 Validade: Presente na embalagem.<\/li>\n<\/ul>\n<h3><strong>Modo de Uso:<\/strong><\/h3>\n<p>Coloque uma pequena quantidade do Essa Fadinha na ponta dos dedos e espalhe com movimentos suaves e provocantes. Use nas costas, nas pernas, ou naquela \u00e1rea que voc\u00ea j\u00e1 sabe que precisa de um toque bem safadinho.<\/p>\n<\/div>\n","protected":false},"excerpt":{"rendered":"<h1><span style=\"color: #ff00ff\">NO PIX R$6,59<\/span><\/h1>\n","protected":false},"featured_media":6424,"comment_status":"open","ping_status":"closed","template":"","meta":[],"product_cat":[37,19,16],"product_tag":[],"class_list":{"0":"post-6422","1":"product","2":"type-product","3":"status-publish","4":"has-post-thumbnail","6":"product_cat-cosmeticos-e-comestiveis","7":"product_cat-novidades","8":"product_cat-para-ela","10":"first","11":"instock","12":"sale","13":"shipping-taxable","14":"purchasable","15":"product-type-simple"},"group_of_quantity":0,"min_quantity":0,"max_quantity":"","exclude_order_quantity_value_rules":"no","exclude_category_quantity_rules":"no","combine_variations":"no","_links":{"self":[{"href":"https:\/\/sorvetequente.com.br\/loja\/wp-json\/wp\/v2\/product\/6422","targetHints":{"allow":["GET"]}}],"collection":[{"href":"https:\/\/sorvetequente.com.br\/loja\/wp-json\/wp\/v2\/product"}],"about":[{"href":"https:\/\/sorvetequente.com.br\/loja\/wp-json\/wp\/v2\/types\/product"}],"replies":[{"embeddable":true,"href":"https:\/\/sorvetequente.com.br\/loja\/wp-json\/wp\/v2\/comments?post=6422"}],"wp:featuredmedia":[{"embeddable":true,"href":"https:\/\/sorvetequente.com.br\/loja\/wp-json\/wp\/v2\/media\/6424"}],"wp:attachment":[{"href":"https:\/\/sorvetequente.com.br\/loja\/wp-json\/wp\/v2\/media?parent=6422"}],"wp:term":[{"taxonomy":"product_cat","embeddable":true,"href":"https:\/\/sorvetequente.com.br\/loja\/wp-json\/wp\/v2\/product_cat?post=6422"},{"taxonomy":"product_tag","embeddable":true,"href":"https:\/\/sorvetequente.com.br\/loja\/wp-json\/wp\/v2\/product_tag?post=6422"}],"curies":[{"name":"wp","href":"https:\/\/api.w.org\/{rel}","templated":true}]}}