{"id":4965,"date":"2024-11-29T11:24:51","date_gmt":"2024-11-29T14:24:51","guid":{"rendered":"https:\/\/sorvetequente.com.br\/loja\/?post_type=product&#038;p=4965"},"modified":"2024-11-29T11:24:52","modified_gmt":"2024-11-29T14:24:52","slug":"conjunto-lingerie-rendado-sexy","status":"publish","type":"product","link":"https:\/\/sorvetequente.com.br\/loja\/product\/conjunto-lingerie-rendado-sexy\/","title":{"rendered":"CONJUNTO LINGERIE RENDADO SEXY"},"content":{"rendered":"<h3><strong>Ficha T\u00e9cnica<\/strong><\/h3>\n<p>&nbsp;<\/p>\n<ul>\n<li>\u2022\u00a0<strong>Cont\u00e9m:<\/strong>\u00a001 calcinha e 01 suti\u00e3.<\/li>\n<li>\u2022\u00a0<strong>Embalagem:<\/strong>\u00a0Saquinho pl\u00e1stico.<\/li>\n<li>\u2022\u00a0<strong>Validade:<\/strong>\u00a0Indeterminado.<\/li>\n<\/ul>\n<p>&nbsp;<\/p>\n<h3><strong>Qual o tipo de tecido que Conjunto \u00e9 confeccionado?<\/strong><\/h3>\n<p>&nbsp;<\/p>\n<p>As pe\u00e7as s\u00e3o confeccionadas em renda, sendo 90% Poliamida e 10% Elastano. O forro \u00e9 confeccionado em 100% algod\u00e3o.<\/p>\n","protected":false},"excerpt":{"rendered":"<h1><span style=\"color: #ff00ff\">NO PIX R$24,99<\/span><\/h1>\n","protected":false},"featured_media":4966,"comment_status":"open","ping_status":"closed","template":"","meta":[],"product_cat":[194,34],"product_tag":[],"class_list":{"0":"post-4965","1":"product","2":"type-product","3":"status-publish","4":"has-post-thumbnail","6":"product_cat-calcinhas","7":"product_cat-lingeries","9":"first","10":"instock","11":"sale","12":"shipping-taxable","13":"purchasable","14":"product-type-simple"},"group_of_quantity":0,"min_quantity":0,"max_quantity":"","exclude_order_quantity_value_rules":"no","exclude_category_quantity_rules":"no","combine_variations":"no","_links":{"self":[{"href":"https:\/\/sorvetequente.com.br\/loja\/wp-json\/wp\/v2\/product\/4965","targetHints":{"allow":["GET"]}}],"collection":[{"href":"https:\/\/sorvetequente.com.br\/loja\/wp-json\/wp\/v2\/product"}],"about":[{"href":"https:\/\/sorvetequente.com.br\/loja\/wp-json\/wp\/v2\/types\/product"}],"replies":[{"embeddable":true,"href":"https:\/\/sorvetequente.com.br\/loja\/wp-json\/wp\/v2\/comments?post=4965"}],"wp:featuredmedia":[{"embeddable":true,"href":"https:\/\/sorvetequente.com.br\/loja\/wp-json\/wp\/v2\/media\/4966"}],"wp:attachment":[{"href":"https:\/\/sorvetequente.com.br\/loja\/wp-json\/wp\/v2\/media?parent=4965"}],"wp:term":[{"taxonomy":"product_cat","embeddable":true,"href":"https:\/\/sorvetequente.com.br\/loja\/wp-json\/wp\/v2\/product_cat?post=4965"},{"taxonomy":"product_tag","embeddable":true,"href":"https:\/\/sorvetequente.com.br\/loja\/wp-json\/wp\/v2\/product_tag?post=4965"}],"curies":[{"name":"wp","href":"https:\/\/api.w.org\/{rel}","templated":true}]}}