{"id":4870,"date":"2024-11-26T18:50:35","date_gmt":"2024-11-26T21:50:35","guid":{"rendered":"https:\/\/sorvetequente.com.br\/loja\/?post_type=product&#038;p=4870"},"modified":"2026-01-10T11:42:39","modified_gmt":"2026-01-10T14:42:39","slug":"plug-anal-em-aco-pedra-formato-coracao-cor-laranja-tamanho-p","status":"publish","type":"product","link":"https:\/\/sorvetequente.com.br\/loja\/product\/plug-anal-em-aco-pedra-formato-coracao-cor-laranja-tamanho-p\/","title":{"rendered":"Plug Anal em A\u00e7o Pedra Formato Cora\u00e7\u00e3o Cor Laranja Tamanho P"},"content":{"rendered":"<h2>Plug Anal em A\u00e7o Formato de Cora\u00e7\u00e3o &#8211; Tamanho P<\/h2>\n<p>&nbsp;<\/p>\n<p>Plug anal de cora\u00e7\u00e3o, Luxo em a\u00e7o inoxid\u00e1vel possui forma c\u00f4nica e um detalhe extremamente lindo de pedra lapidada em formato de cora\u00e7\u00e3o na sua base.<\/p>\n<p>Perfeito para voc\u00ea sentir prazer com temperaturas diferentes,\u00a0 coloque-o no freezer para esfriar, ou em uma bacia de \u00e1gua quente para aquecer.<\/p>\n<p>(\u00a0Plug &#8211; Tamanho P\u00a0)<\/p>\n<p>Modo de uso:<br \/>\nLubrificar antes da penetra\u00e7\u00e3o.<\/p>\n<p>Material:<br \/>\nA\u00e7o inoxid\u00e1vel.<\/p>\n<p>Medidas:<br \/>\n7,0 cm de comprimento, 2,8 cm de espessura (medidas aproximadas).<\/p>\n","protected":false},"excerpt":{"rendered":"<h1><span style=\"color: #ff00ff\">NO PIX R$14,49<\/span><\/h1>\n","protected":false},"featured_media":4871,"comment_status":"open","ping_status":"closed","template":"","meta":[],"product_cat":[157,134],"product_tag":[],"class_list":{"0":"post-4870","1":"product","2":"type-product","3":"status-publish","4":"has-post-thumbnail","6":"product_cat-plug-anal","7":"product_cat-sexo-anal","9":"first","10":"instock","11":"sale","12":"shipping-taxable","13":"purchasable","14":"product-type-simple"},"group_of_quantity":0,"min_quantity":0,"max_quantity":"","exclude_order_quantity_value_rules":"no","exclude_category_quantity_rules":"no","combine_variations":"no","_links":{"self":[{"href":"https:\/\/sorvetequente.com.br\/loja\/wp-json\/wp\/v2\/product\/4870","targetHints":{"allow":["GET"]}}],"collection":[{"href":"https:\/\/sorvetequente.com.br\/loja\/wp-json\/wp\/v2\/product"}],"about":[{"href":"https:\/\/sorvetequente.com.br\/loja\/wp-json\/wp\/v2\/types\/product"}],"replies":[{"embeddable":true,"href":"https:\/\/sorvetequente.com.br\/loja\/wp-json\/wp\/v2\/comments?post=4870"}],"wp:featuredmedia":[{"embeddable":true,"href":"https:\/\/sorvetequente.com.br\/loja\/wp-json\/wp\/v2\/media\/4871"}],"wp:attachment":[{"href":"https:\/\/sorvetequente.com.br\/loja\/wp-json\/wp\/v2\/media?parent=4870"}],"wp:term":[{"taxonomy":"product_cat","embeddable":true,"href":"https:\/\/sorvetequente.com.br\/loja\/wp-json\/wp\/v2\/product_cat?post=4870"},{"taxonomy":"product_tag","embeddable":true,"href":"https:\/\/sorvetequente.com.br\/loja\/wp-json\/wp\/v2\/product_tag?post=4870"}],"curies":[{"name":"wp","href":"https:\/\/api.w.org\/{rel}","templated":true}]}}