{"id":4623,"date":"2024-10-19T22:59:30","date_gmt":"2024-10-20T01:59:30","guid":{"rendered":"https:\/\/sorvetequente.com.br\/loja\/?post_type=product&#038;p=4623"},"modified":"2025-05-21T13:27:14","modified_gmt":"2025-05-21T16:27:14","slug":"m-excity-lubrificante-feminino-50g-pepper-blend","status":"publish","type":"product","link":"https:\/\/sorvetequente.com.br\/loja\/product\/m-excity-lubrificante-feminino-50g-pepper-blend\/","title":{"rendered":"M Excity Lubrificante Feminino 50g Pepper Blend"},"content":{"rendered":"<p>M EXCITY LUBRIFICANTE FEMININO 50G PEPPER BLEND<\/p>\n<p>M Excity lubrificante feminino \u00e9 um dos lan\u00e7amentos da Pepper Blend que promete tornar uma simples massagem em um momento empolgante e perfeito para aprofundar a intimidade do casal.<br \/>\nO gel tem um poder alto lubrificante e conta com um aroma doce que deixar\u00e1 o momento prop\u00edcio a muitas car\u00edcias.<\/p>\n<p>Cont\u00e9m 25g.<\/p>\n<p>Modo de uso:<br \/>\nAplicar na ponta dos dedos a quantidade que desejar e aplicar no local \u00edntimo massageando levemente.<\/p>\n<p>Precau\u00e7\u00f5es:<br \/>\nManter fora do alcance de crian\u00e7as e fora do abrigo da luz e calor.<br \/>\nA qualquer sinal de irrita\u00e7\u00e3o, suspender o uso.<br \/>\nN\u00e3o aplicar em regi\u00f5es machuadas ou dilaceradas.<\/p>\n","protected":false},"excerpt":{"rendered":"<h1><span style=\"color: #ff00ff\">NO PIX R$9,69<\/span><\/h1>\n","protected":false},"featured_media":5808,"comment_status":"open","ping_status":"closed","template":"","meta":[],"product_cat":[37,75,16],"product_tag":[],"class_list":{"0":"post-4623","1":"product","2":"type-product","3":"status-publish","4":"has-post-thumbnail","6":"product_cat-cosmeticos-e-comestiveis","7":"product_cat-lubrificantes","8":"product_cat-para-ela","10":"first","11":"instock","12":"sale","13":"shipping-taxable","14":"purchasable","15":"product-type-simple"},"group_of_quantity":0,"min_quantity":0,"max_quantity":"","exclude_order_quantity_value_rules":"no","exclude_category_quantity_rules":"no","combine_variations":"no","_links":{"self":[{"href":"https:\/\/sorvetequente.com.br\/loja\/wp-json\/wp\/v2\/product\/4623","targetHints":{"allow":["GET"]}}],"collection":[{"href":"https:\/\/sorvetequente.com.br\/loja\/wp-json\/wp\/v2\/product"}],"about":[{"href":"https:\/\/sorvetequente.com.br\/loja\/wp-json\/wp\/v2\/types\/product"}],"replies":[{"embeddable":true,"href":"https:\/\/sorvetequente.com.br\/loja\/wp-json\/wp\/v2\/comments?post=4623"}],"wp:featuredmedia":[{"embeddable":true,"href":"https:\/\/sorvetequente.com.br\/loja\/wp-json\/wp\/v2\/media\/5808"}],"wp:attachment":[{"href":"https:\/\/sorvetequente.com.br\/loja\/wp-json\/wp\/v2\/media?parent=4623"}],"wp:term":[{"taxonomy":"product_cat","embeddable":true,"href":"https:\/\/sorvetequente.com.br\/loja\/wp-json\/wp\/v2\/product_cat?post=4623"},{"taxonomy":"product_tag","embeddable":true,"href":"https:\/\/sorvetequente.com.br\/loja\/wp-json\/wp\/v2\/product_tag?post=4623"}],"curies":[{"name":"wp","href":"https:\/\/api.w.org\/{rel}","templated":true}]}}