{"id":4433,"date":"2024-08-07T10:41:37","date_gmt":"2024-08-07T13:41:37","guid":{"rendered":"https:\/\/sorvetequente.com.br\/loja\/?post_type=product&#038;p=4433"},"modified":"2026-03-11T15:13:23","modified_gmt":"2026-03-11T18:13:23","slug":"po-magico-da-bruxinha-loka-sensacao","status":"publish","type":"product","link":"https:\/\/sorvetequente.com.br\/loja\/product\/po-magico-da-bruxinha-loka-sensacao\/","title":{"rendered":"P\u00f3 m\u00e1gico da bruxinha Loka sensa\u00e7\u00e3o"},"content":{"rendered":"<p>O\u00a0<strong>P\u00f3 M\u00e1gico da Bruxinha<\/strong>\u00a0\u00e9 um poderoso\u00a0<strong>afrodis\u00edaco natural\u00a0<\/strong>que pode ser o toque que faltava nas suas noites. Deixe seus sentidos \u201c<strong>\u00e0 flor da pele<\/strong>\u201d, o cansa\u00e7o j\u00e1 n\u00e3o vai ser mais um impedimento para o\u00a0<strong>prazer<\/strong>. Para o casal que j\u00e1 est\u00e1 a mais tempo junto, essa \u00e9 a escolha certa para dar uma\u00a0<strong>quebra na rotina<\/strong>.<\/p>\n<p>&nbsp;<\/p>\n<p>Conhecido seja como\u00a0<strong>P\u00f3 M\u00e1gico<\/strong>\u00a0ou como\u00a0<strong>P\u00f3 da Bruxinha<\/strong>, esse maravilhoso\u00a0<strong>estimulante\u00a0<\/strong>energ\u00e9tico \u00e9\u00a0<strong>potente\u00a0<\/strong>em ajudar no aumento da libido, com ingredientes naturais que juntos formam a combina\u00e7\u00e3o perfeita para noites intensas de amor cheias de\u00a0<strong>fogo\u00a0<\/strong>e\u00a0<strong>paix\u00e3o<\/strong>.<\/p>\n<p>&nbsp;<\/p>\n<h3><strong>O que \u00e9 o P\u00f3 M\u00e1gico da Bruxa?<\/strong><\/h3>\n<p>&nbsp;<\/p>\n<p>O\u00a0<strong>p\u00f3 da bruxinha<\/strong>\u00a0\u00e9 um excitante natural que tem como principal objetivo proporcionar grandes momentos de desejo e\u00a0<strong>potencializar\u00a0<\/strong>o\u00a0<strong>apetite sexual<\/strong>\u00a0do casal, com ele a vontade de se relacionar vai estar ao m\u00e1ximo, junto com o prazer e o desejo um pelo outro.<\/p>\n<p>&nbsp;<\/p>\n<p>O afrodis\u00edaco pode ser usado tanto por homens quanto por mulheres que buscam melhorar a rela\u00e7\u00e3o com seu parceiro ou parceira. Seus benef\u00edcios s\u00e3o n\u00edtidos na rela\u00e7\u00e3o \u00edntima como facilidade na ere\u00e7\u00e3o, o aumento da pot\u00eancia sexual, sensibilidade e da libido, mas tamb\u00e9m trazem traz grandes benef\u00edcios para a sua sa\u00fade, tais como: mais energia e disposi\u00e7\u00e3o f\u00edsica, diminui\u00e7\u00e3o do cansa\u00e7o e maior circula\u00e7\u00e3o sangu\u00ednea.<\/p>\n<p>&nbsp;<\/p>\n<h3><strong>Quais os efeitos do pozinho? Ele aumenta a libido?<\/strong><\/h3>\n<p>&nbsp;<\/p>\n<p>Ao ingerir o pozinho, em pouco tempo j\u00e1 ser\u00e1 poss\u00edvel sentir seus efeitos, come\u00e7ando pela maior vontade de se relacionar e o desejo tomando conta de todo o corpo, os compostos do p\u00f3 da bruxinha que fazem a circula\u00e7\u00e3o sangu\u00ednea traz a vasodilata\u00e7\u00e3o das partes \u00edntimas e com isso em poucos minutos o aumento da libido se torna not\u00e1vel.<\/p>\n<p>&nbsp;<\/p>\n<p>Para os homens o estimulante ajuda a manter uma ere\u00e7\u00e3o mais firme e duradoura, para as mulheres a sensibilidade ao toque se intensifica, para ambos o prazer e o tes\u00e3o ficam em n\u00edveis m\u00e1ximos, fazendo dessa noite inesquec\u00edvel.<\/p>\n<p>&nbsp;<\/p>\n<h3><strong>Como tomar o afrodis\u00edaco?<\/strong><\/h3>\n<p>&nbsp;<\/p>\n<p>Para tomar o afrodis\u00edaco basta misturar o pozinho na sua bebida preferida, seja ela \u00e1gua, suco, ch\u00e1s e at\u00e9 bebidas alco\u00f3licas, mas evite coloc\u00e1-lo em bebidas gaseificadas, como cerveja, refrigerante, chopp etc, pois assim seu efeito pode ser reduzido. Com vinhos e destilados a combina\u00e7\u00e3o fica perfeita, mas evite adicionar o p\u00f3 com bebidas muito quentes ou muito geladas.<\/p>\n<p>&nbsp;<\/p>\n<h3><strong>Quais os benef\u00edcios do Estimulante Natural?<\/strong><\/h3>\n<p>&nbsp;<\/p>\n<ul>\n<li>\u2022 Afrodis\u00edaco;<\/li>\n<li>\u2022 Maior disposi\u00e7\u00e3o;<\/li>\n<li>\u2022 Natural;<\/li>\n<li>\u2022 Aumento da libido;<\/li>\n<\/ul>\n<p>&nbsp;<\/p>\n<h3><strong>Ficha T\u00e9cnica<\/strong><\/h3>\n<p>&nbsp;<\/p>\n<ul>\n<li>\u2022\u00a0<strong>Cont\u00e9m:<\/strong>\u00a001 Pozinho de Bruxa 2g.<\/li>\n<li>\u2022\u00a0<strong>Embalagem:<\/strong>\u00a0Frasco Pl\u00e1stico<\/li>\n<li>\u2022\u00a0<strong>Validade:<\/strong>\u00a0Presente na embalagem.<\/li>\n<li>\u2022 N\u00e3o cont\u00e9m gl\u00faten e lactose.<\/li>\n<\/ul>\n<p>&nbsp;<\/p>\n<h3><strong>Qual a composi\u00e7\u00e3o do p\u00f3 m\u00e1gico de bruxa da Loka Sensa\u00e7\u00e3o?<\/strong><\/h3>\n<p>&nbsp;<\/p>\n<p>O p\u00f3 da bruxinha tem em sua composi\u00e7\u00e3o ervas, ra\u00edzes e p\u00f3 de cinco produtos 100% naturais: Guaran\u00e1, Catuaba, Marapuama, Noz de cola e Phaffia.<\/p>\n","protected":false},"excerpt":{"rendered":"<h1><span style=\"color: #ff00ff\">NO PIX R$1,49<\/span><\/h1>\n","protected":false},"featured_media":4434,"comment_status":"open","ping_status":"closed","template":"","meta":[],"product_cat":[15,37,16,43],"product_tag":[],"class_list":{"0":"post-4433","1":"product","2":"type-product","3":"status-publish","4":"has-post-thumbnail","6":"product_cat-promocoes","7":"product_cat-cosmeticos-e-comestiveis","8":"product_cat-para-ela","9":"product_cat-para-ele","11":"first","12":"instock","13":"sale","14":"shipping-taxable","15":"purchasable","16":"product-type-simple"},"group_of_quantity":0,"min_quantity":0,"max_quantity":"","exclude_order_quantity_value_rules":"no","exclude_category_quantity_rules":"no","combine_variations":"no","_links":{"self":[{"href":"https:\/\/sorvetequente.com.br\/loja\/wp-json\/wp\/v2\/product\/4433","targetHints":{"allow":["GET"]}}],"collection":[{"href":"https:\/\/sorvetequente.com.br\/loja\/wp-json\/wp\/v2\/product"}],"about":[{"href":"https:\/\/sorvetequente.com.br\/loja\/wp-json\/wp\/v2\/types\/product"}],"replies":[{"embeddable":true,"href":"https:\/\/sorvetequente.com.br\/loja\/wp-json\/wp\/v2\/comments?post=4433"}],"wp:featuredmedia":[{"embeddable":true,"href":"https:\/\/sorvetequente.com.br\/loja\/wp-json\/wp\/v2\/media\/4434"}],"wp:attachment":[{"href":"https:\/\/sorvetequente.com.br\/loja\/wp-json\/wp\/v2\/media?parent=4433"}],"wp:term":[{"taxonomy":"product_cat","embeddable":true,"href":"https:\/\/sorvetequente.com.br\/loja\/wp-json\/wp\/v2\/product_cat?post=4433"},{"taxonomy":"product_tag","embeddable":true,"href":"https:\/\/sorvetequente.com.br\/loja\/wp-json\/wp\/v2\/product_tag?post=4433"}],"curies":[{"name":"wp","href":"https:\/\/api.w.org\/{rel}","templated":true}]}}