{"id":4429,"date":"2024-08-05T16:22:13","date_gmt":"2024-08-05T19:22:13","guid":{"rendered":"https:\/\/sorvetequente.com.br\/loja\/?post_type=product&#038;p=4429"},"modified":"2026-02-05T14:42:42","modified_gmt":"2026-02-05T17:42:42","slug":"caixa-com-6-unidades-masturbador-egg-magical-kiss","status":"publish","type":"product","link":"https:\/\/sorvetequente.com.br\/loja\/product\/caixa-com-6-unidades-masturbador-egg-magical-kiss\/","title":{"rendered":"CAIXA COM 6 UNIDADES MASTURBADOR EGG MAGICAL KISS"},"content":{"rendered":"<p>CAIXA COM 6 UNIDADES MASTURBADOR EGG MAGICAL KISS GENERAL IMPORT<\/p>\n<p>Masturbador Egg Magical Kiss \u00e9 um masturbador masculino em formato de ovo, dentro voc\u00ea encontra uma pe\u00e7a de silicone oca e com um orif\u00edcio na base.<br \/>\nFeito de silicone com textura interna de n\u00f3dulos circulares.<br \/>\nAo desliz\u00e1-lo sobre o p\u00eanis estica ou contrai de acordo com o movimento.<br \/>\nA textura interna deste masturbador Egg corresponde ao desenho existente na foto da embalagem.<\/p>\n<p>Modo de usar:<br \/>\nAp\u00f3s \u201cdescasc\u00e1-lo\u201d adicione lubrificante no seu interior e o encaixe no p\u00eanis, como uma touca.<br \/>\nEl\u00e1stica, a pe\u00e7a pode ser esticada at\u00e9 a base do membro, e a partir da\u00ed a masturba\u00e7\u00e3o \u00e9 feita com as m\u00e3os sobre ela.<br \/>\nPerfeita para brincar sozinho ou a dois, j\u00e1 que a espessura garante sensa\u00e7\u00e3o por dentro e por fora.<\/p>\n<p>OBS: N\u00e3o acompanha lubrificante<\/p>\n<p>Recomenda\u00e7\u00f5es: \u00c9 recomendado o uso de lubrificante e preservativo.<br \/>\nCuidados: N\u00e3o utilizar se houver incomodo ou dor.<\/p>\n<p>N\u00e3o deve ser usado qualquer tipo de irrita\u00e7\u00e3o da pele, inflamada ou com erup\u00e7\u00f5es.<br \/>\nA qualquer sinal de irrita\u00e7\u00e3o ou alergia, suspenda o uso e procure um m\u00e9dico.<br \/>\nMantenha fora do alcance das crian\u00e7as.<br \/>\nN\u00e3o compartilhar.<\/p>\n","protected":false},"excerpt":{"rendered":"<h1><span style=\"color: #ff00ff\">NO PIX R$24,97<\/span><\/h1>\n","protected":false},"featured_media":4430,"comment_status":"open","ping_status":"closed","template":"","meta":[],"product_cat":[15,23,152,43],"product_tag":[],"class_list":{"0":"post-4429","1":"product","2":"type-product","3":"status-publish","4":"has-post-thumbnail","6":"product_cat-promocoes","7":"product_cat-acessorios","8":"product_cat-masturbadores","9":"product_cat-para-ele","11":"first","12":"instock","13":"sale","14":"shipping-taxable","15":"purchasable","16":"product-type-simple"},"group_of_quantity":0,"min_quantity":0,"max_quantity":"","exclude_order_quantity_value_rules":"no","exclude_category_quantity_rules":"no","combine_variations":"no","_links":{"self":[{"href":"https:\/\/sorvetequente.com.br\/loja\/wp-json\/wp\/v2\/product\/4429","targetHints":{"allow":["GET"]}}],"collection":[{"href":"https:\/\/sorvetequente.com.br\/loja\/wp-json\/wp\/v2\/product"}],"about":[{"href":"https:\/\/sorvetequente.com.br\/loja\/wp-json\/wp\/v2\/types\/product"}],"replies":[{"embeddable":true,"href":"https:\/\/sorvetequente.com.br\/loja\/wp-json\/wp\/v2\/comments?post=4429"}],"wp:featuredmedia":[{"embeddable":true,"href":"https:\/\/sorvetequente.com.br\/loja\/wp-json\/wp\/v2\/media\/4430"}],"wp:attachment":[{"href":"https:\/\/sorvetequente.com.br\/loja\/wp-json\/wp\/v2\/media?parent=4429"}],"wp:term":[{"taxonomy":"product_cat","embeddable":true,"href":"https:\/\/sorvetequente.com.br\/loja\/wp-json\/wp\/v2\/product_cat?post=4429"},{"taxonomy":"product_tag","embeddable":true,"href":"https:\/\/sorvetequente.com.br\/loja\/wp-json\/wp\/v2\/product_tag?post=4429"}],"curies":[{"name":"wp","href":"https:\/\/api.w.org\/{rel}","templated":true}]}}