{"id":3102,"date":"2023-10-28T22:52:00","date_gmt":"2023-10-29T01:52:00","guid":{"rendered":"https:\/\/sorvetequente.com.br\/loja\/?post_type=product&#038;p=3102"},"modified":"2026-04-03T19:42:53","modified_gmt":"2026-04-03T22:42:53","slug":"bolinha-explosiva-satisfaction-hot-ice-com-4-unidades","status":"publish","type":"product","link":"https:\/\/sorvetequente.com.br\/loja\/product\/bolinha-explosiva-satisfaction-hot-ice-com-4-unidades\/","title":{"rendered":"BOLINHA EXPLOSIVA SATISFACTION HOT ICE COM 4 UNIDADES"},"content":{"rendered":"<p>A bolinha Hot Ice \u00e9 uma c\u00e1psula gelatinosa com efeito funcional que aumenta a\u00a0<strong>sensibilidade<\/strong>\u00a0estimulando a circula\u00e7\u00e3o sangu\u00ednea da regi\u00e3o e ao mesmo tempo remete a uma\u00a0<strong>maravilhosa sensa\u00e7\u00e3o Hot e Ice<\/strong>, que esquenta e ao mesmo tempo refresca o local aplicado aumentando seu prazer e proporcionando uma noite fant\u00e1stica.<\/p>\n<p><strong>Ficha t\u00e9cnica<\/strong><br \/>\n<strong>Fun\u00e7\u00e3o:<\/strong>\u00a0Esquenta e esfria.<br \/>\n<strong>Cont\u00e9m:<\/strong>\u00a04 Unidades.<\/p>\n<p><strong>Modo de usar:<\/strong><br \/>\nAplique no local desejado<\/p>\n","protected":false},"excerpt":{"rendered":"<h1><span style=\"color: #ff00ff\">NO PIX R$3,39<\/span><\/h1>\n","protected":false},"featured_media":3103,"comment_status":"open","ping_status":"closed","template":"","meta":[],"product_cat":[15,133,37,75],"product_tag":[],"class_list":{"0":"post-3102","1":"product","2":"type-product","3":"status-publish","4":"has-post-thumbnail","6":"product_cat-promocoes","7":"product_cat-bolinhas-explosivas","8":"product_cat-cosmeticos-e-comestiveis","9":"product_cat-lubrificantes","11":"first","12":"instock","13":"sale","14":"shipping-taxable","15":"purchasable","16":"product-type-simple"},"group_of_quantity":0,"min_quantity":0,"max_quantity":"","exclude_order_quantity_value_rules":"no","exclude_category_quantity_rules":"no","combine_variations":"no","_links":{"self":[{"href":"https:\/\/sorvetequente.com.br\/loja\/wp-json\/wp\/v2\/product\/3102","targetHints":{"allow":["GET"]}}],"collection":[{"href":"https:\/\/sorvetequente.com.br\/loja\/wp-json\/wp\/v2\/product"}],"about":[{"href":"https:\/\/sorvetequente.com.br\/loja\/wp-json\/wp\/v2\/types\/product"}],"replies":[{"embeddable":true,"href":"https:\/\/sorvetequente.com.br\/loja\/wp-json\/wp\/v2\/comments?post=3102"}],"wp:featuredmedia":[{"embeddable":true,"href":"https:\/\/sorvetequente.com.br\/loja\/wp-json\/wp\/v2\/media\/3103"}],"wp:attachment":[{"href":"https:\/\/sorvetequente.com.br\/loja\/wp-json\/wp\/v2\/media?parent=3102"}],"wp:term":[{"taxonomy":"product_cat","embeddable":true,"href":"https:\/\/sorvetequente.com.br\/loja\/wp-json\/wp\/v2\/product_cat?post=3102"},{"taxonomy":"product_tag","embeddable":true,"href":"https:\/\/sorvetequente.com.br\/loja\/wp-json\/wp\/v2\/product_tag?post=3102"}],"curies":[{"name":"wp","href":"https:\/\/api.w.org\/{rel}","templated":true}]}}