{"id":2892,"date":"2023-10-23T18:05:41","date_gmt":"2023-10-23T21:05:41","guid":{"rendered":"https:\/\/sorvetequente.com.br\/loja\/?post_type=product&#038;p=2892"},"modified":"2026-04-03T19:43:51","modified_gmt":"2026-04-03T22:43:51","slug":"bolinha-explosiva-satisfaction-caps-smirnofoda-03-unidades","status":"publish","type":"product","link":"https:\/\/sorvetequente.com.br\/loja\/product\/bolinha-explosiva-satisfaction-caps-smirnofoda-03-unidades\/","title":{"rendered":"BOLINHA EXPLOSIVA SATISFACTION CAPS SMIRNOFODA 03 UNIDADES"},"content":{"rendered":"<p>Bolinha funcional Smirnofoda \u00e9 uma bolinha feita em gelatina com func\u00f5es, conta ainda com uma super lubrifica\u00e7\u00e3o e sabor incr\u00edvel de vodka, levando sensa\u00e7\u00f5es de mais apertada durante a penetra\u00e7\u00e3o,tornando sua rela\u00e7\u00e3o mais prazerosa.<\/p>\n<p>Modo de uso: Introduza a bolinha na regi\u00e3o, com a lubrifica\u00e7\u00e3o natural e a regi\u00e3o quente a capsula ir\u00e1 romper, liberando um \u00f3leo com diversas fun\u00e7\u00f5es. Divirta-se!<br \/>\nConservar: Em temperatura ambiente, fora do alcance da luz solar e umidade.<\/p>\n","protected":false},"excerpt":{"rendered":"<h1><span style=\"color: #ff00ff\">NO PIX R$2,79<\/span><\/h1>\n","protected":false},"featured_media":2895,"comment_status":"open","ping_status":"closed","template":"","meta":[],"product_cat":[133,37,75],"product_tag":[],"class_list":{"0":"post-2892","1":"product","2":"type-product","3":"status-publish","4":"has-post-thumbnail","6":"product_cat-bolinhas-explosivas","7":"product_cat-cosmeticos-e-comestiveis","8":"product_cat-lubrificantes","10":"first","11":"instock","12":"sale","13":"shipping-taxable","14":"purchasable","15":"product-type-simple"},"group_of_quantity":0,"min_quantity":0,"max_quantity":"","exclude_order_quantity_value_rules":"no","exclude_category_quantity_rules":"no","combine_variations":"no","_links":{"self":[{"href":"https:\/\/sorvetequente.com.br\/loja\/wp-json\/wp\/v2\/product\/2892","targetHints":{"allow":["GET"]}}],"collection":[{"href":"https:\/\/sorvetequente.com.br\/loja\/wp-json\/wp\/v2\/product"}],"about":[{"href":"https:\/\/sorvetequente.com.br\/loja\/wp-json\/wp\/v2\/types\/product"}],"replies":[{"embeddable":true,"href":"https:\/\/sorvetequente.com.br\/loja\/wp-json\/wp\/v2\/comments?post=2892"}],"wp:featuredmedia":[{"embeddable":true,"href":"https:\/\/sorvetequente.com.br\/loja\/wp-json\/wp\/v2\/media\/2895"}],"wp:attachment":[{"href":"https:\/\/sorvetequente.com.br\/loja\/wp-json\/wp\/v2\/media?parent=2892"}],"wp:term":[{"taxonomy":"product_cat","embeddable":true,"href":"https:\/\/sorvetequente.com.br\/loja\/wp-json\/wp\/v2\/product_cat?post=2892"},{"taxonomy":"product_tag","embeddable":true,"href":"https:\/\/sorvetequente.com.br\/loja\/wp-json\/wp\/v2\/product_tag?post=2892"}],"curies":[{"name":"wp","href":"https:\/\/api.w.org\/{rel}","templated":true}]}}