{"id":2870,"date":"2023-10-23T16:25:38","date_gmt":"2023-10-23T19:25:38","guid":{"rendered":"https:\/\/sorvetequente.com.br\/loja\/?post_type=product&#038;p=2870"},"modified":"2026-03-24T13:11:43","modified_gmt":"2026-03-24T16:11:43","slug":"kgel-sache-lubrificante-intimo-de-morango-5-gramas","status":"publish","type":"product","link":"https:\/\/sorvetequente.com.br\/loja\/product\/kgel-sache-lubrificante-intimo-de-morango-5-gramas\/","title":{"rendered":"KGEL SACHE LUBRIFICANTE INTIMO DE MORANGO 5 GRAMAS"},"content":{"rendered":"<p>Gel lubrificante, umectante e hidratante corporal. Tem \u00e1gua como base, o que promove uma lubrifica\u00e7\u00e3o discreta e segura. Este gel n\u00e3o \u00e9 gorduroso e n\u00e3o tem cheiro, sendo facilmente remov\u00edvel.<\/p>\n<p><strong>Ficha T\u00e9cnica<\/strong><br \/>\n<strong>Cont\u00e9m:<\/strong>\u00a05g;<br \/>\n<strong>Fragr\u00e2ncia:<\/strong>\u00a0Morango.<\/p>\n<p><strong>Modo de Uso:<\/strong><br \/>\nAplicar kgel na \u00e1rea a ser lubrificada ou diretamente sobre o preservativo.<\/p>\n<p><strong>Cuidados e Precau\u00e7\u00f5es:<\/strong><br \/>\nLubrificante \u00edntimo n\u00e3o contraceptivo e n\u00e3o contem espermicida.<br \/>\nN\u00e3o aplicar sobre a pele lesionada.<br \/>\nEm casos de irrita\u00e7\u00f5es em qualquer um dos parceiros, suspenda o uso e consulte um m\u00e9dico.<br \/>\nEm caso de contato com os olhos, lavar em abund\u00e2ncia com \u00e1gua corrente.<br \/>\nMantenha fora do alcance de crian\u00e7as<\/p>\n","protected":false},"excerpt":{"rendered":"<h1><span style=\"color: #ff00ff\">NO PIX R$0,69<\/span><\/h1>\n","protected":false},"featured_media":2871,"comment_status":"open","ping_status":"closed","template":"","meta":[],"product_cat":[15,37,75],"product_tag":[],"class_list":{"0":"post-2870","1":"product","2":"type-product","3":"status-publish","4":"has-post-thumbnail","6":"product_cat-promocoes","7":"product_cat-cosmeticos-e-comestiveis","8":"product_cat-lubrificantes","10":"first","11":"instock","12":"sale","13":"shipping-taxable","14":"purchasable","15":"product-type-simple"},"group_of_quantity":0,"min_quantity":0,"max_quantity":"","exclude_order_quantity_value_rules":"no","exclude_category_quantity_rules":"no","combine_variations":"no","_links":{"self":[{"href":"https:\/\/sorvetequente.com.br\/loja\/wp-json\/wp\/v2\/product\/2870","targetHints":{"allow":["GET"]}}],"collection":[{"href":"https:\/\/sorvetequente.com.br\/loja\/wp-json\/wp\/v2\/product"}],"about":[{"href":"https:\/\/sorvetequente.com.br\/loja\/wp-json\/wp\/v2\/types\/product"}],"replies":[{"embeddable":true,"href":"https:\/\/sorvetequente.com.br\/loja\/wp-json\/wp\/v2\/comments?post=2870"}],"wp:featuredmedia":[{"embeddable":true,"href":"https:\/\/sorvetequente.com.br\/loja\/wp-json\/wp\/v2\/media\/2871"}],"wp:attachment":[{"href":"https:\/\/sorvetequente.com.br\/loja\/wp-json\/wp\/v2\/media?parent=2870"}],"wp:term":[{"taxonomy":"product_cat","embeddable":true,"href":"https:\/\/sorvetequente.com.br\/loja\/wp-json\/wp\/v2\/product_cat?post=2870"},{"taxonomy":"product_tag","embeddable":true,"href":"https:\/\/sorvetequente.com.br\/loja\/wp-json\/wp\/v2\/product_tag?post=2870"}],"curies":[{"name":"wp","href":"https:\/\/api.w.org\/{rel}","templated":true}]}}