{"id":2796,"date":"2023-10-22T16:36:50","date_gmt":"2023-10-22T19:36:50","guid":{"rendered":"https:\/\/sorvetequente.com.br\/loja\/?post_type=product&#038;p=2796"},"modified":"2026-03-25T20:41:26","modified_gmt":"2026-03-25T23:41:26","slug":"satisfaction-caps-c-3-unidades-anal-love-com-oleo-para-massagem","status":"publish","type":"product","link":"https:\/\/sorvetequente.com.br\/loja\/product\/satisfaction-caps-c-3-unidades-anal-love-com-oleo-para-massagem\/","title":{"rendered":"SATISFACTION CAPS C\/3 UNIDADES ANAL LOVE COM \u00d3LEO PARA MASSAGEM"},"content":{"rendered":"<div class=\"conteudoFecha\">\n<p>BOLINHA ANAL LOVE<\/p>\n<p>Experimentar novas formas de\u00a0<strong>prazer\u00a0<\/strong>deveria ser uma\u00a0<strong>experi\u00eancia\u00a0<\/strong>que toda pessoa deveria conhecer, se limitar faz com que homens e mulheres percam grande parte do que realmente \u00e9 uma vida completamente\u00a0<strong>satisfeita<\/strong>.<\/p>\n<p>&nbsp;<\/p>\n<p>Uma forma simples de facilitar para quem nunca experimentou o\u00a0<strong>sexo anal<\/strong>, ou ent\u00e3o para quem j\u00e1 conhece aprimorar a t\u00e9cnica, a\u00a0<strong>Anal Love<\/strong>\u00a0\u00e9 uma\u00a0<strong>Sexy Ball<\/strong>\u00a0com um maravilhoso efeito\u00a0<strong>anest\u00e9sico<\/strong>, assim voc\u00ea sempre vai estar\u00a0<strong>confort\u00e1vel\u00a0<\/strong>para entrar de cabe\u00e7a no novo.<\/p>\n<p>&nbsp;<\/p>\n<h3><strong>Para que servem as Bolinhas?<\/strong><\/h3>\n<p>&nbsp;<\/p>\n<p>As\u00a0<strong>c\u00e1psulas\u00a0<\/strong>da\u00a0<strong>Satisfaction Caps<\/strong>\u00a0s\u00e3o esferas gelatinosas com efeito anest\u00e9sico,\u00a0<strong>lubrificante\u00a0<\/strong>e\u00a0<strong>cicatrizante<\/strong>, ou seja, um verdadeiro combo para que seu prazer seja o protagonista da noite.<\/p>\n<p>&nbsp;<\/p>\n<p>Agora \u00e9 hora de\u00a0<strong>inovar<\/strong>, pegue sua bolinha e exploda a mesma com o atrito ou ent\u00e3o use a temperatura do seu corpo para dissolver o produto, garanto que a experi\u00eancia \u00e9 \u00fanica e muito satisfat\u00f3ria.<\/p>\n<p>&nbsp;<\/p>\n<h3><strong>Quais os benef\u00edcios das Sexy Balls?<\/strong><\/h3>\n<p>&nbsp;<\/p>\n<p>\u2022 Anal prazeroso;<\/p>\n<p>\u2022 Excita\u00e7\u00e3o;<\/p>\n<p>\u2022 Instigante;<\/p>\n<p>\u2022 Uso a dois;<\/p>\n<p>&nbsp;<\/p>\n<h3><strong>Ficha T\u00e9cnica<\/strong><\/h3>\n<p>&nbsp;<\/p>\n<p>\u2022 Cont\u00e9m: 03 Bolinhas funcionais.<\/p>\n<p>\u2022 Validade: Presente na embalagem.<\/p>\n<p>\u2022 Embalagem: Frasco Pl\u00e1stico.<\/p>\n<p>\u2022 Fun\u00e7\u00e3o: Anest\u00e9sico, Lubrificante e Cicatrizante<\/p>\n<\/div>\n<div class=\"botaoFechar\"><\/div>\n","protected":false},"excerpt":{"rendered":"<h1><span style=\"color: #ff00ff\">NO PIX R$3,09<\/span><\/h1>\n","protected":false},"featured_media":2797,"comment_status":"open","ping_status":"closed","template":"","meta":[],"product_cat":[133,37,75],"product_tag":[],"class_list":{"0":"post-2796","1":"product","2":"type-product","3":"status-publish","4":"has-post-thumbnail","6":"product_cat-bolinhas-explosivas","7":"product_cat-cosmeticos-e-comestiveis","8":"product_cat-lubrificantes","10":"first","11":"instock","12":"sale","13":"shipping-taxable","14":"purchasable","15":"product-type-simple"},"group_of_quantity":0,"min_quantity":0,"max_quantity":"","exclude_order_quantity_value_rules":"no","exclude_category_quantity_rules":"no","combine_variations":"no","_links":{"self":[{"href":"https:\/\/sorvetequente.com.br\/loja\/wp-json\/wp\/v2\/product\/2796","targetHints":{"allow":["GET"]}}],"collection":[{"href":"https:\/\/sorvetequente.com.br\/loja\/wp-json\/wp\/v2\/product"}],"about":[{"href":"https:\/\/sorvetequente.com.br\/loja\/wp-json\/wp\/v2\/types\/product"}],"replies":[{"embeddable":true,"href":"https:\/\/sorvetequente.com.br\/loja\/wp-json\/wp\/v2\/comments?post=2796"}],"wp:featuredmedia":[{"embeddable":true,"href":"https:\/\/sorvetequente.com.br\/loja\/wp-json\/wp\/v2\/media\/2797"}],"wp:attachment":[{"href":"https:\/\/sorvetequente.com.br\/loja\/wp-json\/wp\/v2\/media?parent=2796"}],"wp:term":[{"taxonomy":"product_cat","embeddable":true,"href":"https:\/\/sorvetequente.com.br\/loja\/wp-json\/wp\/v2\/product_cat?post=2796"},{"taxonomy":"product_tag","embeddable":true,"href":"https:\/\/sorvetequente.com.br\/loja\/wp-json\/wp\/v2\/product_tag?post=2796"}],"curies":[{"name":"wp","href":"https:\/\/api.w.org\/{rel}","templated":true}]}}