{"id":2791,"date":"2023-10-22T16:32:16","date_gmt":"2023-10-22T19:32:16","guid":{"rendered":"https:\/\/sorvetequente.com.br\/loja\/?post_type=product&#038;p=2791"},"modified":"2026-03-25T20:41:26","modified_gmt":"2026-03-25T23:41:26","slug":"satisfaction-caps-c-3-unidades-mix-3-com-oleo-para-massagem","status":"publish","type":"product","link":"https:\/\/sorvetequente.com.br\/loja\/product\/satisfaction-caps-c-3-unidades-mix-3-com-oleo-para-massagem\/","title":{"rendered":"SATISFACTION CAPS C\/3 UNIDADES MIX 3 COM \u00d3LEO PARA MASSAGEM"},"content":{"rendered":"<p>Mix3 s\u00e3o<strong>\u00a03 bolinhas<\/strong>\u00a0com\u00a0<strong>sabores\u00a0<\/strong>diferentes que v\u00e3o tornar a Hora do Sexo mais\u00a0<strong>divertida\u00a0<\/strong>e com sabor de quero mais. Ela ajuda na\u00a0<strong>lubrifica\u00e7\u00e3o<\/strong>, e voc\u00ea tamb\u00e9m pode utiliz\u00e1-la para fazer aquela\u00a0<strong>massagem\u00a0<\/strong>gostosa em seu parceiro (a) deixando ainda mais especial.<\/p>\n<p>&nbsp;<\/p>\n<p>A bolinha verde tem sabor de\u00a0<strong>menta<\/strong>, a vermelha de\u00a0<strong>morango\u00a0<\/strong>e a marrom do t\u00e3o amado\u00a0<strong>chocolate<\/strong>, para deixar o sexo oral com um gostinho de quero mais.<\/p>\n<p>&nbsp;<\/p>\n<h3><strong>Quais os benef\u00edcios da Bolinha Mix 3?<\/strong><\/h3>\n<p>&nbsp;<\/p>\n<p>\u2022 Excitante;<\/p>\n<p>\u2022 Sexo criativo;<\/p>\n<p>\u2022 Momentos Inesquec\u00edveis;<\/p>\n<p>\u2022 Sensa\u00e7\u00f5es deliciosas.<\/p>\n<p>&nbsp;<\/p>\n<h3><strong>Quais cuidados preciso ter ao usar as Sex Balls?<\/strong><\/h3>\n<p>&nbsp;<\/p>\n<p>As bolinhas n\u00e3o s\u00e3o indicadas para usar junto com preservativos, pois dentro delas existe um \u00f3leo que pode anular a lubrifica\u00e7\u00e3o da camisinha, fazendo com que ela estoure mais f\u00e1cil, perdendo a sua efic\u00e1cia.<\/p>\n<p>&nbsp;<\/p>\n<p>N\u00e3o \u00e9 recomendado que elas sejam introduzidas no canal vaginal ou anal, pois alguas pessoas podem ter alergia a subsancias que podem ter em sua composi\u00e7\u00e3o.<\/p>\n<p>&nbsp;<\/p>\n<h3><strong>Ficha T\u00e9cnica<\/strong><\/h3>\n<p>&nbsp;<\/p>\n<p>\u2022 Cont\u00e9m: 03 Bolinhas funcionais.<\/p>\n<p>\u2022 Validade: Presente na embalagem.<\/p>\n<p>\u2022 Embalagem: Frasco Pl\u00e1stico.<\/p>\n","protected":false},"excerpt":{"rendered":"<h1><span style=\"color: #ff00ff\">NO PIX R$2,79<\/span><\/h1>\n","protected":false},"featured_media":2792,"comment_status":"open","ping_status":"closed","template":"","meta":[],"product_cat":[133,37,75],"product_tag":[],"class_list":{"0":"post-2791","1":"product","2":"type-product","3":"status-publish","4":"has-post-thumbnail","6":"product_cat-bolinhas-explosivas","7":"product_cat-cosmeticos-e-comestiveis","8":"product_cat-lubrificantes","10":"first","11":"instock","12":"sale","13":"shipping-taxable","14":"purchasable","15":"product-type-simple"},"group_of_quantity":0,"min_quantity":0,"max_quantity":"","exclude_order_quantity_value_rules":"no","exclude_category_quantity_rules":"no","combine_variations":"no","_links":{"self":[{"href":"https:\/\/sorvetequente.com.br\/loja\/wp-json\/wp\/v2\/product\/2791","targetHints":{"allow":["GET"]}}],"collection":[{"href":"https:\/\/sorvetequente.com.br\/loja\/wp-json\/wp\/v2\/product"}],"about":[{"href":"https:\/\/sorvetequente.com.br\/loja\/wp-json\/wp\/v2\/types\/product"}],"replies":[{"embeddable":true,"href":"https:\/\/sorvetequente.com.br\/loja\/wp-json\/wp\/v2\/comments?post=2791"}],"wp:featuredmedia":[{"embeddable":true,"href":"https:\/\/sorvetequente.com.br\/loja\/wp-json\/wp\/v2\/media\/2792"}],"wp:attachment":[{"href":"https:\/\/sorvetequente.com.br\/loja\/wp-json\/wp\/v2\/media?parent=2791"}],"wp:term":[{"taxonomy":"product_cat","embeddable":true,"href":"https:\/\/sorvetequente.com.br\/loja\/wp-json\/wp\/v2\/product_cat?post=2791"},{"taxonomy":"product_tag","embeddable":true,"href":"https:\/\/sorvetequente.com.br\/loja\/wp-json\/wp\/v2\/product_tag?post=2791"}],"curies":[{"name":"wp","href":"https:\/\/api.w.org\/{rel}","templated":true}]}}