{"id":2702,"date":"2023-10-13T00:29:15","date_gmt":"2023-10-13T03:29:15","guid":{"rendered":"https:\/\/sorvetequente.com.br\/loja\/?post_type=product&#038;p=2702"},"modified":"2025-02-23T00:58:43","modified_gmt":"2025-02-23T03:58:43","slug":"vibrador-bastao-penis-jelly-estimulador-feminino","status":"publish","type":"product","link":"https:\/\/sorvetequente.com.br\/loja\/product\/vibrador-bastao-penis-jelly-estimulador-feminino\/","title":{"rendered":"Vibrador Bast\u00e3o P\u00eanis Jelly Estimulador Feminino"},"content":{"rendered":"<p>VIBRADOR ESTIMULADOR P\u00caNIS N\u00d3DULOS GENERAL IMPORT<\/p>\n<p>Vibrador confeccionado em jell\u00fd (gel\u00e9ia) translucido, possui formato em p\u00eanis com n\u00f3dulos para maior estimulo.<\/p>\n<p>Material: Jelly e ABS.<\/p>\n<p>Tamanho aproximados:<br \/>\n18,5 cm de comprimento, sendo 14 cm penetr\u00e1veis, 3,5 cm de espessura<\/p>\n<p>Alimenta\u00e7\u00e3o: 01 pilha AAA (n\u00e3o inclusa).<\/p>\n<p>Modo de usar:<br \/>\nAbra o compartimento de pilha e insira no mesmo, depois feche o compartimento e gire o bot\u00e3o para ligar\/desligar o vibrador.<br \/>\nLubrificar sempre o produto com lubrificante \u00e0 base d&#8217;\u00e1gua.<\/p>\n","protected":false},"excerpt":{"rendered":"<h1><span style=\"color: #ff00ff\">NO PIX R$16,98<\/span><\/h1>\n","protected":false},"featured_media":2707,"comment_status":"open","ping_status":"closed","template":"","meta":[],"product_cat":[76],"product_tag":[],"class_list":{"0":"post-2702","1":"product","2":"type-product","3":"status-publish","4":"has-post-thumbnail","6":"product_cat-vibradores","8":"first","9":"instock","10":"sale","11":"shipping-taxable","12":"purchasable","13":"product-type-simple"},"group_of_quantity":0,"min_quantity":0,"max_quantity":"","exclude_order_quantity_value_rules":"no","exclude_category_quantity_rules":"no","combine_variations":"no","_links":{"self":[{"href":"https:\/\/sorvetequente.com.br\/loja\/wp-json\/wp\/v2\/product\/2702","targetHints":{"allow":["GET"]}}],"collection":[{"href":"https:\/\/sorvetequente.com.br\/loja\/wp-json\/wp\/v2\/product"}],"about":[{"href":"https:\/\/sorvetequente.com.br\/loja\/wp-json\/wp\/v2\/types\/product"}],"replies":[{"embeddable":true,"href":"https:\/\/sorvetequente.com.br\/loja\/wp-json\/wp\/v2\/comments?post=2702"}],"wp:featuredmedia":[{"embeddable":true,"href":"https:\/\/sorvetequente.com.br\/loja\/wp-json\/wp\/v2\/media\/2707"}],"wp:attachment":[{"href":"https:\/\/sorvetequente.com.br\/loja\/wp-json\/wp\/v2\/media?parent=2702"}],"wp:term":[{"taxonomy":"product_cat","embeddable":true,"href":"https:\/\/sorvetequente.com.br\/loja\/wp-json\/wp\/v2\/product_cat?post=2702"},{"taxonomy":"product_tag","embeddable":true,"href":"https:\/\/sorvetequente.com.br\/loja\/wp-json\/wp\/v2\/product_tag?post=2702"}],"curies":[{"name":"wp","href":"https:\/\/api.w.org\/{rel}","templated":true}]}}