{"id":2072,"date":"2023-05-30T13:26:57","date_gmt":"2023-05-30T16:26:57","guid":{"rendered":"https:\/\/sorvetequente.com.br\/loja\/?post_type=product&#038;p=2072"},"modified":"2025-07-13T15:40:14","modified_gmt":"2025-07-13T18:40:14","slug":"mini-body-julia-pimenta-sexy-tamanho-unico","status":"publish","type":"product","link":"https:\/\/sorvetequente.com.br\/loja\/product\/mini-body-julia-pimenta-sexy-tamanho-unico\/","title":{"rendered":"MINI BODY JULIA &#8211; PIMENTA SEXY &#8211; TAMANHO \u00daNICO"},"content":{"rendered":"<p style=\"text-align: left\">Modo de Lavagem:<br \/>\nLavar a m\u00e3o, n\u00e3o usar cloro, n\u00e3o usar tambor rotativo, n\u00e3o passar ou utilizar vaporiza\u00e7\u00e3o, n\u00e3o limpar \u00e0 seco, limpeza a \u00famido Pro Normal. Esque\u00e7a as temperaturas acima de 40\u00baC, pois a m\u00e1quina de lavar pode deformar e at\u00e9 desfiar as belas rendas. J\u00e1 a \u00e1gua muito quente pode modificar a cor das suas pe\u00e7as, o que resulta num aspecto encardido.<\/p>\n<p>Como secar:<br \/>\nQuando for secar sua lingerie, aconselhamos a temperatura ambiente, evite a m\u00e1quina de secar tamb\u00e9m, as rendas com Lycra ficam deformadas se forem secadas em secadoras. Ent\u00e3o, espere que elas sequem naturalmente a sombra, pois o sol desbota a cor e estrega a flexibilidade do tecido. E jamais tor\u00e7a as pe\u00e7as, \u00e9 fato que elas ir\u00e3o deformar dessa forma.<\/p>\n","protected":false},"excerpt":{"rendered":"<h1><span style=\"color: #ff00ff\">NO PIX R$12,99<\/span><\/h1>\n","protected":false},"featured_media":2073,"comment_status":"open","ping_status":"closed","template":"","meta":[],"product_cat":[158,35,34],"product_tag":[],"class_list":{"0":"post-2072","1":"product","2":"type-product","3":"status-publish","4":"has-post-thumbnail","6":"product_cat-body","7":"product_cat-fantasias","8":"product_cat-lingeries","10":"first","11":"instock","12":"sale","13":"shipping-taxable","14":"purchasable","15":"product-type-variable"},"group_of_quantity":0,"min_quantity":0,"max_quantity":"","exclude_order_quantity_value_rules":"no","exclude_category_quantity_rules":"no","combine_variations":"no","_links":{"self":[{"href":"https:\/\/sorvetequente.com.br\/loja\/wp-json\/wp\/v2\/product\/2072","targetHints":{"allow":["GET"]}}],"collection":[{"href":"https:\/\/sorvetequente.com.br\/loja\/wp-json\/wp\/v2\/product"}],"about":[{"href":"https:\/\/sorvetequente.com.br\/loja\/wp-json\/wp\/v2\/types\/product"}],"replies":[{"embeddable":true,"href":"https:\/\/sorvetequente.com.br\/loja\/wp-json\/wp\/v2\/comments?post=2072"}],"wp:featuredmedia":[{"embeddable":true,"href":"https:\/\/sorvetequente.com.br\/loja\/wp-json\/wp\/v2\/media\/2073"}],"wp:attachment":[{"href":"https:\/\/sorvetequente.com.br\/loja\/wp-json\/wp\/v2\/media?parent=2072"}],"wp:term":[{"taxonomy":"product_cat","embeddable":true,"href":"https:\/\/sorvetequente.com.br\/loja\/wp-json\/wp\/v2\/product_cat?post=2072"},{"taxonomy":"product_tag","embeddable":true,"href":"https:\/\/sorvetequente.com.br\/loja\/wp-json\/wp\/v2\/product_tag?post=2072"}],"curies":[{"name":"wp","href":"https:\/\/api.w.org\/{rel}","templated":true}]}}