{"id":2020,"date":"2023-05-15T14:52:10","date_gmt":"2023-05-15T17:52:10","guid":{"rendered":"https:\/\/sorvetequente.com.br\/loja\/?post_type=product&#038;p=2020"},"modified":"2026-01-14T17:56:30","modified_gmt":"2026-01-14T20:56:30","slug":"preservativo-com-aroma-de-algodao-doce-3-unidades-rilex","status":"publish","type":"product","link":"https:\/\/sorvetequente.com.br\/loja\/product\/preservativo-com-aroma-de-algodao-doce-3-unidades-rilex\/","title":{"rendered":"PRESERVATIVO COM AROMA DE ALGOD\u00c3O DOCE 3 UNIDADES RILEX"},"content":{"rendered":"<p>O preservativo masculino da\u00a0<strong>Rilex<\/strong>\u00a0\u00e9 uma \u00f3tima op\u00e7\u00e3o no quesito prote\u00e7\u00e3o, ajudando a evitar doen\u00e7as sexualmente transmiss\u00edveis. E sem falar no aroma de\u00a0<strong>Algod\u00e3o Doce<\/strong>\u00a0que deixar\u00e1 a sua noite ainda mais gostosa com aquele gostinho de quero mais.<\/p>\n<p>Viva o prazer.<\/p>\n<p>&nbsp;<\/p>\n<p><strong>Ficha T\u00e9cnica<\/strong><\/p>\n<p>&nbsp;<\/p>\n<p><strong>Cont\u00e9m:<\/strong>\u00a0Um pacote com 3 Unidades.<\/p>\n<p><strong>Composi\u00e7\u00e3o:<\/strong>\u00a0L\u00e1tex de borracha natural, \u00f3leo de silicone (lubrificante) e aroma artificial de Algod\u00e3o Doce<\/p>\n","protected":false},"excerpt":{"rendered":"<h1><span style=\"color: #ff00ff\">NO PIX R$2,49<\/span><\/h1>\n","protected":false},"featured_media":2021,"comment_status":"open","ping_status":"closed","template":"","meta":[],"product_cat":[38],"product_tag":[],"class_list":{"0":"post-2020","1":"product","2":"type-product","3":"status-publish","4":"has-post-thumbnail","6":"product_cat-preservativos","8":"first","9":"instock","10":"sale","11":"shipping-taxable","12":"purchasable","13":"product-type-simple"},"group_of_quantity":0,"min_quantity":0,"max_quantity":"","exclude_order_quantity_value_rules":"no","exclude_category_quantity_rules":"no","combine_variations":"no","_links":{"self":[{"href":"https:\/\/sorvetequente.com.br\/loja\/wp-json\/wp\/v2\/product\/2020","targetHints":{"allow":["GET"]}}],"collection":[{"href":"https:\/\/sorvetequente.com.br\/loja\/wp-json\/wp\/v2\/product"}],"about":[{"href":"https:\/\/sorvetequente.com.br\/loja\/wp-json\/wp\/v2\/types\/product"}],"replies":[{"embeddable":true,"href":"https:\/\/sorvetequente.com.br\/loja\/wp-json\/wp\/v2\/comments?post=2020"}],"wp:featuredmedia":[{"embeddable":true,"href":"https:\/\/sorvetequente.com.br\/loja\/wp-json\/wp\/v2\/media\/2021"}],"wp:attachment":[{"href":"https:\/\/sorvetequente.com.br\/loja\/wp-json\/wp\/v2\/media?parent=2020"}],"wp:term":[{"taxonomy":"product_cat","embeddable":true,"href":"https:\/\/sorvetequente.com.br\/loja\/wp-json\/wp\/v2\/product_cat?post=2020"},{"taxonomy":"product_tag","embeddable":true,"href":"https:\/\/sorvetequente.com.br\/loja\/wp-json\/wp\/v2\/product_tag?post=2020"}],"curies":[{"name":"wp","href":"https:\/\/api.w.org\/{rel}","templated":true}]}}