{"id":1764,"date":"2023-04-27T14:50:55","date_gmt":"2023-04-27T17:50:55","guid":{"rendered":"https:\/\/sorvetequente.com.br\/loja\/?post_type=product&#038;p=1764"},"modified":"2026-03-12T12:13:48","modified_gmt":"2026-03-12T15:13:48","slug":"pocao-do-amor-estimulante-afrodisiaco-natural-20ml-k-lab","status":"publish","type":"product","link":"https:\/\/sorvetequente.com.br\/loja\/product\/pocao-do-amor-estimulante-afrodisiaco-natural-20ml-k-lab\/","title":{"rendered":"PO\u00c7\u00c3O DO AMOR ESTIMULANTE AFRODIS\u00cdACO NATURAL 20ML K-LAB"},"content":{"rendered":"<div class=\"productDescription\">\n<p>A<strong>\u00a0Po\u00e7\u00e3o do Amor\u00a0<\/strong>vai ajudar voc\u00ea e seu parceiro (a) a ter mais\u00a0<strong>disposi\u00e7\u00e3o\u00a0<\/strong>na Hora H, com ele voc\u00eas v\u00e3o ter\u00a0<strong>energia\u00a0<\/strong>de sobra para desfrutar de momentos cheios de\u00a0<strong>tes\u00e3o\u00a0<\/strong>e de muita intimidade.<\/p>\n<h3><strong>O Que \u00e9 a Po\u00e7\u00e3o do Amor?<\/strong><\/h3>\n<p>A\u00a0<strong>Po\u00e7\u00e3o do Amor\u00a0<\/strong>\u00e9 um estimulante da\u00a0<strong>K-Lab\u00a0<\/strong>feito 100% com subst\u00e2ncias\u00a0<strong>naturais afrodis\u00edacas<\/strong>, aumentando a sua\u00a0<strong>disposi\u00e7\u00e3o<\/strong>, te dando mais energia e reduzindo o cansa\u00e7o.<\/p>\n<p>Tire seu relacionamento da rotina, ele pode ser usado pelo casal, aumentando o<strong>\u00a0apetite sexual<\/strong>, e transformando a noite com uma rela\u00e7\u00e3o bem\u00a0<strong>apimentada<\/strong>.<\/p>\n<h3><strong>A Po\u00e7\u00e3o do Amor funciona?<\/strong><\/h3>\n<p>Ap\u00f3s tomar a Po\u00e7\u00e3o do Amor, assista a v\u00eddeos quentes, a um filme adulto, pe\u00e7a e fa\u00e7a carinhos em seu parceiro, para estimular o poder afrodis\u00edaco do produto, dessa forma voc\u00ea vai come\u00e7ar a sentir o corpo esquentar, e o fogo aumentar.<\/p>\n<p>Os efeitos podem variar de acordo com o metabolismo da pessoa, algumas podem sentir o efeito mais r\u00e1pido e outras nem tanto.<\/p>\n<\/div>\n","protected":false},"excerpt":{"rendered":"<h1><span style=\"color: #ff00ff\">NO PIX R$3,69<\/span><\/h1>\n","protected":false},"featured_media":1759,"comment_status":"open","ping_status":"closed","template":"","meta":[],"product_cat":[37],"product_tag":[],"class_list":{"0":"post-1764","1":"product","2":"type-product","3":"status-publish","4":"has-post-thumbnail","6":"product_cat-cosmeticos-e-comestiveis","8":"first","9":"instock","10":"sale","11":"shipping-taxable","12":"purchasable","13":"product-type-simple"},"group_of_quantity":0,"min_quantity":0,"max_quantity":"","exclude_order_quantity_value_rules":"no","exclude_category_quantity_rules":"no","combine_variations":"no","_links":{"self":[{"href":"https:\/\/sorvetequente.com.br\/loja\/wp-json\/wp\/v2\/product\/1764","targetHints":{"allow":["GET"]}}],"collection":[{"href":"https:\/\/sorvetequente.com.br\/loja\/wp-json\/wp\/v2\/product"}],"about":[{"href":"https:\/\/sorvetequente.com.br\/loja\/wp-json\/wp\/v2\/types\/product"}],"replies":[{"embeddable":true,"href":"https:\/\/sorvetequente.com.br\/loja\/wp-json\/wp\/v2\/comments?post=1764"}],"wp:featuredmedia":[{"embeddable":true,"href":"https:\/\/sorvetequente.com.br\/loja\/wp-json\/wp\/v2\/media\/1759"}],"wp:attachment":[{"href":"https:\/\/sorvetequente.com.br\/loja\/wp-json\/wp\/v2\/media?parent=1764"}],"wp:term":[{"taxonomy":"product_cat","embeddable":true,"href":"https:\/\/sorvetequente.com.br\/loja\/wp-json\/wp\/v2\/product_cat?post=1764"},{"taxonomy":"product_tag","embeddable":true,"href":"https:\/\/sorvetequente.com.br\/loja\/wp-json\/wp\/v2\/product_tag?post=1764"}],"curies":[{"name":"wp","href":"https:\/\/api.w.org\/{rel}","templated":true}]}}