{"id":1419,"date":"2023-04-22T23:49:09","date_gmt":"2023-04-23T02:49:09","guid":{"rendered":"https:\/\/sorvetequente.com.br\/loja\/?post_type=product&#038;p=1419"},"modified":"2026-03-29T10:59:59","modified_gmt":"2026-03-29T13:59:59","slug":"nocucedim-dessensiblizante-anal-18ml-secret-love","status":"publish","type":"product","link":"https:\/\/sorvetequente.com.br\/loja\/product\/nocucedim-dessensiblizante-anal-18ml-secret-love\/","title":{"rendered":"Nocucedim Dessensiblizante Anal 18ML Secret Love"},"content":{"rendered":"<p>\u00c9 um gel com o poder de\u00a0<strong>anestesiar<\/strong>, perfeito para o sexo anal. Este ir\u00e1 te proporcionar momentos de muito prazer e sem nenhum inc\u00f4modo. Use e abuse!<\/p>\n<p><strong>Aten\u00e7\u00e3o:\u00a0<\/strong>O produto n\u00e3o \u00e9 de uso medicinal.<\/p>\n<p><strong>Ficha T\u00e9cnica:<\/strong><br \/>\n<strong>Cont\u00e9m:\u00a0<\/strong>18ml.<br \/>\n<strong>Fun\u00e7\u00e3o:\u00a0<\/strong>Dessensiblizante e sen\u00e7\u00e3o refrescante.<\/p>\n<p><strong>Modo de uso:<\/strong><br \/>\nAplique o gel na regi\u00e3o do \u00e2nus de 2 a 3 minutos antes da rela\u00e7\u00e3o.<\/p>\n<p><strong>Precau\u00e7\u00f5es:<\/strong><br \/>\nManter fora do alcance de crian\u00e7as.<br \/>\nEm caso de contato com os olhos, enxaguar abundantemente com \u00e1gua.<br \/>\nManter o produto em lugar fresco.<br \/>\nN\u00e3o inalar o produto.<br \/>\nN\u00e3o ingerir.<\/p>\n","protected":false},"excerpt":{"rendered":"<h1><span style=\"color: #ff00ff\">NO PIX R$5,49<\/span><\/h1>\n","protected":false},"featured_media":1417,"comment_status":"open","ping_status":"closed","template":"","meta":[],"product_cat":[37,134],"product_tag":[],"class_list":{"0":"post-1419","1":"product","2":"type-product","3":"status-publish","4":"has-post-thumbnail","6":"product_cat-cosmeticos-e-comestiveis","7":"product_cat-sexo-anal","9":"first","10":"instock","11":"sale","12":"shipping-taxable","13":"purchasable","14":"product-type-simple"},"group_of_quantity":0,"min_quantity":0,"max_quantity":"","exclude_order_quantity_value_rules":"no","exclude_category_quantity_rules":"no","combine_variations":"no","_links":{"self":[{"href":"https:\/\/sorvetequente.com.br\/loja\/wp-json\/wp\/v2\/product\/1419","targetHints":{"allow":["GET"]}}],"collection":[{"href":"https:\/\/sorvetequente.com.br\/loja\/wp-json\/wp\/v2\/product"}],"about":[{"href":"https:\/\/sorvetequente.com.br\/loja\/wp-json\/wp\/v2\/types\/product"}],"replies":[{"embeddable":true,"href":"https:\/\/sorvetequente.com.br\/loja\/wp-json\/wp\/v2\/comments?post=1419"}],"wp:featuredmedia":[{"embeddable":true,"href":"https:\/\/sorvetequente.com.br\/loja\/wp-json\/wp\/v2\/media\/1417"}],"wp:attachment":[{"href":"https:\/\/sorvetequente.com.br\/loja\/wp-json\/wp\/v2\/media?parent=1419"}],"wp:term":[{"taxonomy":"product_cat","embeddable":true,"href":"https:\/\/sorvetequente.com.br\/loja\/wp-json\/wp\/v2\/product_cat?post=1419"},{"taxonomy":"product_tag","embeddable":true,"href":"https:\/\/sorvetequente.com.br\/loja\/wp-json\/wp\/v2\/product_tag?post=1419"}],"curies":[{"name":"wp","href":"https:\/\/api.w.org\/{rel}","templated":true}]}}