{"id":1384,"date":"2023-04-22T23:42:51","date_gmt":"2023-04-23T02:42:51","guid":{"rendered":"https:\/\/sorvetequente.com.br\/loja\/?post_type=product&#038;p=1384"},"modified":"2025-04-14T02:14:08","modified_gmt":"2025-04-14T05:14:08","slug":"dando-uma-gostoso-retardante-masculino-18ml-secret-love","status":"publish","type":"product","link":"https:\/\/sorvetequente.com.br\/loja\/product\/dando-uma-gostoso-retardante-masculino-18ml-secret-love\/","title":{"rendered":"Dando Uma Gostoso 18ml Secret Love"},"content":{"rendered":"<p>\u00c9 um Gel retardante que combate a<strong>\u00a0ejacula\u00e7\u00e3o precoce<\/strong>, quando \u00e9 aplicado ele atua permitindo um controle melhor sobe a ejacula\u00e7\u00e3o. Possui tamb\u00e9m a\u00e7\u00e3o\u00a0<strong>refrescante\u00a0<\/strong>que diminui a sensibilidade sem perda de desejo. Os ativos respons\u00e1veis por essa a\u00e7\u00e3o \u00e9 o cravo e a menta que d\u00e3o um efeito gelado e dessensibilizante, fazendo com que a rela\u00e7\u00e3o sexual seja prolongada.<\/p>\n<p><strong>Ficha T\u00e9cnica:<\/strong><br \/>\n<strong>Cont\u00e9m:\u00a0<\/strong>18ml.<br \/>\n<strong>Fun\u00e7\u00e3o:<\/strong>\u00a0Excitante, Retardante e esfria.<\/p>\n<p><strong>Aten\u00e7\u00e3o:\u00a0<\/strong>O produto n\u00e3o \u00e9 de uso medicinal.<\/p>\n<p><strong>Modo de uso:<\/strong><br \/>\nAplique o produto no corpo e glande do p\u00eanis e tamb\u00e9m no escroto, espalhando bem at\u00e9 que o produto seja completamente absorvido.<\/p>\n<p><strong>Precau\u00e7\u00f5es:<\/strong><br \/>\nManter fora do alcance de crian\u00e7as.<br \/>\nEm caso de contato com os olhos, enxaguar abundantemente com \u00e1gua.<br \/>\nManter o produto em lugar fresco.<br \/>\nN\u00e3o ingerir.<\/p>\n","protected":false},"excerpt":{"rendered":"<h1><span style=\"color: #ff00ff\">NO PIX R$4,98<\/span><\/h1>\n","protected":false},"featured_media":1408,"comment_status":"open","ping_status":"closed","template":"","meta":[],"product_cat":[37],"product_tag":[],"class_list":{"0":"post-1384","1":"product","2":"type-product","3":"status-publish","4":"has-post-thumbnail","6":"product_cat-cosmeticos-e-comestiveis","8":"first","9":"instock","10":"sale","11":"shipping-taxable","12":"purchasable","13":"product-type-simple"},"group_of_quantity":0,"min_quantity":0,"max_quantity":"","exclude_order_quantity_value_rules":"no","exclude_category_quantity_rules":"no","combine_variations":"no","_links":{"self":[{"href":"https:\/\/sorvetequente.com.br\/loja\/wp-json\/wp\/v2\/product\/1384","targetHints":{"allow":["GET"]}}],"collection":[{"href":"https:\/\/sorvetequente.com.br\/loja\/wp-json\/wp\/v2\/product"}],"about":[{"href":"https:\/\/sorvetequente.com.br\/loja\/wp-json\/wp\/v2\/types\/product"}],"replies":[{"embeddable":true,"href":"https:\/\/sorvetequente.com.br\/loja\/wp-json\/wp\/v2\/comments?post=1384"}],"wp:featuredmedia":[{"embeddable":true,"href":"https:\/\/sorvetequente.com.br\/loja\/wp-json\/wp\/v2\/media\/1408"}],"wp:attachment":[{"href":"https:\/\/sorvetequente.com.br\/loja\/wp-json\/wp\/v2\/media?parent=1384"}],"wp:term":[{"taxonomy":"product_cat","embeddable":true,"href":"https:\/\/sorvetequente.com.br\/loja\/wp-json\/wp\/v2\/product_cat?post=1384"},{"taxonomy":"product_tag","embeddable":true,"href":"https:\/\/sorvetequente.com.br\/loja\/wp-json\/wp\/v2\/product_tag?post=1384"}],"curies":[{"name":"wp","href":"https:\/\/api.w.org\/{rel}","templated":true}]}}